{"id":12727,"date":"2025-03-20T14:52:19","date_gmt":"2025-03-20T13:52:19","guid":{"rendered":"https:\/\/talja.pl\/?page_id=12727"},"modified":"2025-03-20T16:56:50","modified_gmt":"2025-03-20T15:56:50","slug":"tkaniny-lniane-we-wzory-edycja-limitowana","status":"publish","type":"page","link":"https:\/\/talja.pl\/index.php\/tkaniny-lniane-we-wzory-edycja-limitowana\/","title":{"rendered":"Tkaniny lniane we wzory &#8211; edycja limitowana"},"content":{"rendered":"\t\t<div data-elementor-type=\"wp-page\" data-elementor-id=\"12727\" class=\"elementor elementor-12727\">\n\t\t\t\t\t\t<section class=\"elementor-section elementor-top-section elementor-element elementor-element-dbc59a7 elementor-section-boxed elementor-section-height-default elementor-section-height-default\" data-id=\"dbc59a7\" data-element_type=\"section\" data-e-type=\"section\">\n\t\t\t\t\t\t<div class=\"elementor-container elementor-column-gap-default\">\n\t\t\t\t\t<div class=\"elementor-column elementor-col-100 elementor-top-column elementor-element elementor-element-3225fd4\" data-id=\"3225fd4\" data-element_type=\"column\" data-e-type=\"column\">\n\t\t\t<div class=\"elementor-widget-wrap elementor-element-populated\">\n\t\t\t\t\t\t<div class=\"elementor-element elementor-element-bb37ec5 elementor-widget elementor-widget-heading\" data-id=\"bb37ec5\" data-element_type=\"widget\" data-e-type=\"widget\" data-widget_type=\"heading.default\">\n\t\t\t\t<div class=\"elementor-widget-container\">\n\t\t\t\t\t<h2 class=\"elementor-heading-title elementor-size-default\">Wiosenne nowo\u015bci w Talji \u2013 odkryj nasze trzy wyj\u0105tkowe tkaniny!<\/h2>\t\t\t\t<\/div>\n\t\t\t\t<\/div>\n\t\t\t\t<div class=\"elementor-element elementor-element-50311b2 elementor-widget elementor-widget-text-editor\" data-id=\"50311b2\" data-element_type=\"widget\" data-e-type=\"widget\" data-widget_type=\"text-editor.default\">\n\t\t\t\t<div class=\"elementor-widget-container\">\n\t\t\t\t\t\t\t\t\t<p data-pm-slice=\"1 1 []\">Wiosna to czas odnowy, \u015bwie\u017co\u015bci i nowych inspiracji \u2013 a w Talji oznacza to r\u00f3wnie\u017c premier\u0119 wyj\u0105tkowych tkanin! \ud83c\udf3f\ud83c\udf38 Przygotowali\u015bmy dla Was <strong>trzy nowe wzorzyste tkaniny<\/strong>, kt\u00f3re doskonale komponuj\u0105 si\u0119 z wi\u0119kszo\u015bci\u0105 naszych kreacji. To propozycje, kt\u00f3re \u0142\u0105cz\u0105 lekko\u015b\u0107, naturalno\u015b\u0107 i pi\u0119kne desenie \u2013 idealne na nadchodz\u0105ce cieplejsze dni!<\/p><h3>Nowe tkaniny \u2013 naturalne pi\u0119kno i wygoda<\/h3><p>Tym razem wprowadzili\u015bmy do naszej kolekcji <strong>dwie tkaniny z czystego lnu (len 100%)<\/strong> oraz jedn\u0105 <strong>tkanin\u0119 wiskozowo-lnian\u0105<\/strong>, kt\u00f3ra wyr\u00f3\u017cnia si\u0119 swoj\u0105 mi\u0119kko\u015bci\u0105 i subtelnym uk\u0142adem w\u0142\u00f3kien ( tzw krepa) . Ka\u017cda z tych tkanin ma sw\u00f3j niepowtarzalny charakter:<\/p><p>\ud83c\udf3f <strong>Czysty len (100%)<\/strong> \u2013 naturalny, przewiewny i doskona\u0142y na ka\u017cd\u0105 okazj\u0119. Dost\u0119pny w niemal wszystkich modelach naszych <strong>sukienek, bluzek i sp\u00f3dnic<\/strong>. To wyb\u00f3r dla mi\u0142o\u015bniczek ponadczasowej elegancji i komfortu.<\/p><p>\ud83c\udf38 <strong>\u00a0Tkanina lniano-wiskozowa<\/strong>\u00a0\u2013 niezwykle przyjemna w dotyku i lekko lej\u0105ca. Mi\u0119sista. To idealna opcja dla os\u00f3b ceni\u0105cych zwiewno\u015b\u0107 i mi\u0119kko\u015b\u0107 materia\u0142u oraz UWAGA &#8211; dla tych z Was, kt\u00f3re nie znosz\u0105 prasowania ( ta tkanina praktycznie w og\u00f3le si\u0119 nie gniecie ! \ud83d\ude42 . Tkanina ta pojawia si\u0119 a\u017c w <strong>o\u015bmiu modelach sukienek<\/strong>, kt\u00f3re \u015bwietnie podkre\u015blaj\u0105 kobiec\u0105 sylwetk\u0119.\u00a0<\/p><p>Aby lepiej zobaczy\u0107, jak prezentuj\u0105 si\u0119 nasze nowe tkaniny w ruchu, przygotowali\u015bmy <strong>kilka kr\u00f3tkich filmik\u00f3w<\/strong> \u2013 sp\u00f3jrzcie tylko jak pi\u0119knie si\u0119 uk\u0142adaj\u0105!<\/p>\t\t\t\t\t\t\t\t<\/div>\n\t\t\t\t<\/div>\n\t\t\t\t\t<\/div>\n\t\t<\/div>\n\t\t\t\t\t<\/div>\n\t\t<\/section>\n\t\t\t\t<section class=\"elementor-section elementor-top-section elementor-element elementor-element-1bce2e4 elementor-section-boxed elementor-section-height-default elementor-section-height-default\" data-id=\"1bce2e4\" data-element_type=\"section\" data-e-type=\"section\">\n\t\t\t\t\t\t<div class=\"elementor-container elementor-column-gap-default\">\n\t\t\t\t\t<div class=\"elementor-column elementor-col-100 elementor-top-column elementor-element elementor-element-f0854d5\" data-id=\"f0854d5\" data-element_type=\"column\" data-e-type=\"column\">\n\t\t\t<div class=\"elementor-widget-wrap elementor-element-populated\">\n\t\t\t\t\t\t<div class=\"elementor-element elementor-element-c317c27 elementor-widget elementor-widget-text-editor\" data-id=\"c317c27\" data-element_type=\"widget\" data-e-type=\"widget\" data-widget_type=\"text-editor.default\">\n\t\t\t\t<div class=\"elementor-widget-container\">\n\t\t\t\t\t\t\t\t\t<p><p class=\"responsive-video-wrap clr\"><iframe title=\"Wiosna zawita\u0142a do TALJI\" width=\"1200\" height=\"675\" src=\"https:\/\/www.youtube.com\/embed\/V7hL5uA_1TI?feature=oembed\" frameborder=\"0\" allow=\"accelerometer; autoplay; clipboard-write; encrypted-media; gyroscope; picture-in-picture; web-share\" referrerpolicy=\"strict-origin-when-cross-origin\" allowfullscreen><\/iframe><\/p><\/p><p>\u00a0<\/p>\t\t\t\t\t\t\t\t<\/div>\n\t\t\t\t<\/div>\n\t\t\t\t<div class=\"elementor-element elementor-element-88401a1 elementor-widget elementor-widget-image\" data-id=\"88401a1\" data-element_type=\"widget\" data-e-type=\"widget\" data-widget_type=\"image.default\">\n\t\t\t\t<div class=\"elementor-widget-container\">\n\t\t\t\t\t\t\t\t\t\t\t\t\t\t\t<img decoding=\"async\" width=\"300\" height=\"119\" src=\"https:\/\/talja.pl\/wp-content\/uploads\/2022\/04\/Certyfikat-Oeko-Tex-standard-100-e1698257301591.png\" class=\"attachment-medium size-medium wp-image-5333 wvs-archive-product-image\" alt=\"\" \/>\t\t\t\t\t\t\t\t\t\t\t\t\t\t\t<\/div>\n\t\t\t\t<\/div>\n\t\t\t\t\t<\/div>\n\t\t<\/div>\n\t\t\t\t\t<\/div>\n\t\t<\/section>\n\t\t\t\t<section class=\"elementor-section elementor-top-section elementor-element elementor-element-e530a29 elementor-section-boxed elementor-section-height-default elementor-section-height-default\" data-id=\"e530a29\" data-element_type=\"section\" data-e-type=\"section\">\n\t\t\t\t\t\t<div class=\"elementor-container elementor-column-gap-default\">\n\t\t\t\t\t<div class=\"elementor-column elementor-col-50 elementor-top-column elementor-element elementor-element-4eb57e3\" data-id=\"4eb57e3\" data-element_type=\"column\" data-e-type=\"column\">\n\t\t\t<div class=\"elementor-widget-wrap elementor-element-populated\">\n\t\t\t\t\t\t<div class=\"elementor-element elementor-element-8974b45 elementor-widget elementor-widget-image\" data-id=\"8974b45\" data-element_type=\"widget\" data-e-type=\"widget\" data-widget_type=\"image.default\">\n\t\t\t\t<div class=\"elementor-widget-container\">\n\t\t\t\t\t\t\t\t\t\t\t\t\t\t\t<img fetchpriority=\"high\" decoding=\"async\" width=\"576\" height=\"1024\" src=\"https:\/\/talja.pl\/wp-content\/uploads\/2025\/03\/4.jpg\" class=\"attachment-large size-large wp-image-12743 wvs-archive-product-image\" alt=\"\" \/>\t\t\t\t\t\t\t\t\t\t\t\t\t\t\t<\/div>\n\t\t\t\t<\/div>\n\t\t\t\t\t<\/div>\n\t\t<\/div>\n\t\t\t\t<div class=\"elementor-column elementor-col-50 elementor-top-column elementor-element elementor-element-24c06c9\" data-id=\"24c06c9\" data-element_type=\"column\" data-e-type=\"column\">\n\t\t\t<div class=\"elementor-widget-wrap elementor-element-populated\">\n\t\t\t\t\t\t<div class=\"elementor-element elementor-element-ec6e9d8 elementor-widget elementor-widget-image\" data-id=\"ec6e9d8\" data-element_type=\"widget\" data-e-type=\"widget\" data-widget_type=\"image.default\">\n\t\t\t\t<div class=\"elementor-widget-container\">\n\t\t\t\t\t\t\t\t\t\t\t\t\t\t\t<img decoding=\"async\" width=\"576\" height=\"1024\" src=\"https:\/\/talja.pl\/wp-content\/uploads\/2025\/03\/5.jpg\" class=\"attachment-large size-large wp-image-12744 wvs-archive-product-image\" alt=\"\" \/>\t\t\t\t\t\t\t\t\t\t\t\t\t\t\t<\/div>\n\t\t\t\t<\/div>\n\t\t\t\t\t<\/div>\n\t\t<\/div>\n\t\t\t\t\t<\/div>\n\t\t<\/section>\n\t\t\t\t<section class=\"elementor-section elementor-top-section elementor-element elementor-element-50fd5d2 elementor-section-boxed elementor-section-height-default elementor-section-height-default\" data-id=\"50fd5d2\" data-element_type=\"section\" data-e-type=\"section\">\n\t\t\t\t\t\t<div class=\"elementor-container elementor-column-gap-default\">\n\t\t\t\t\t<div class=\"elementor-column elementor-col-100 elementor-top-column elementor-element elementor-element-f685360\" data-id=\"f685360\" data-element_type=\"column\" data-e-type=\"column\">\n\t\t\t<div class=\"elementor-widget-wrap elementor-element-populated\">\n\t\t\t\t\t\t<div class=\"elementor-element elementor-element-0ccc876 elementor-align-center elementor-widget elementor-widget-button\" data-id=\"0ccc876\" data-element_type=\"widget\" data-e-type=\"widget\" data-widget_type=\"button.default\">\n\t\t\t\t<div class=\"elementor-widget-container\">\n\t\t\t\t\t\t\t\t\t<div class=\"elementor-button-wrapper\">\n\t\t\t\t\t<a class=\"elementor-button elementor-button-link elementor-size-sm\" href=\"http:\/\/www.talja.pl\">\n\t\t\t\t\t\t<span class=\"elementor-button-content-wrapper\">\n\t\t\t\t\t\t\t\t\t<span class=\"elementor-button-text\">Przejd\u017a do sklepu<\/span>\n\t\t\t\t\t<\/span>\n\t\t\t\t\t<\/a>\n\t\t\t\t<\/div>\n\t\t\t\t\t\t\t\t<\/div>\n\t\t\t\t<\/div>\n\t\t\t\t<div class=\"elementor-element elementor-element-1d992ad elementor-widget elementor-widget-text-editor\" data-id=\"1d992ad\" data-element_type=\"widget\" data-e-type=\"widget\" data-widget_type=\"text-editor.default\">\n\t\t\t\t<div class=\"elementor-widget-container\">\n\t\t\t\t\t\t\t\t\t<p><strong>Tkanina lniana &#8211; WISIENKI,<\/strong> \u00a0len 100% , produkcja polska . Pi\u0119kny retro print wykonany metod\u0105 nadruku cyfrowego. Tutaj pod postaci\u0105 sukienki Scarlett d\u0142ugo\u015bci Midi, Natalia -173cm, rozm S. <a href=\"https:\/\/talja.pl\/index.php\/produkt\/lniana-sukienka-scarlett-short-sleeveskolory\/\">&lt; link do sukienki &gt;<\/a><\/p><p><p class=\"responsive-video-wrap clr\"><iframe title=\"Scarlett w tkaninie lnianej wisienki\" width=\"1200\" height=\"675\" src=\"https:\/\/www.youtube.com\/embed\/ONNKIo84fOI?feature=oembed\" frameborder=\"0\" allow=\"accelerometer; autoplay; clipboard-write; encrypted-media; gyroscope; picture-in-picture; web-share\" referrerpolicy=\"strict-origin-when-cross-origin\" allowfullscreen><\/iframe><\/p><\/p><p><strong>Tkanina lniana &#8211; PASKI,<\/strong> len 100%, produkcja polska . Tkanina jest tkana z dw\u00f3ch kolor\u00f3w nici ( to nie jest nadruk) i jest dwustronna .Tutaj pod postaci\u0105 sukienki Helena d\u0142ugo\u015bci Midi <a href=\"https:\/\/talja.pl\/index.php\/produkt\/sukienka-lniana-helena-2\/\">&lt;link do sukienki&gt;<\/a>, Natalia -173cm, rozm S<\/p><p><p class=\"responsive-video-wrap clr\"><iframe title=\"Helena w tkaninie lnianej w paski\" width=\"1200\" height=\"675\" src=\"https:\/\/www.youtube.com\/embed\/-meIccfzz3c?feature=oembed\" frameborder=\"0\" allow=\"accelerometer; autoplay; clipboard-write; encrypted-media; gyroscope; picture-in-picture; web-share\" referrerpolicy=\"strict-origin-when-cross-origin\" allowfullscreen><\/iframe><\/p><\/p><p><strong>Tkanina lniana &#8211; PASKI,<\/strong> len 100%, produkcja polska . Tkanina jest tkana z dw\u00f3ch kolor\u00f3w nici ( to nie jest nadruk) i jest dwustronna .Tutaj pod postaci\u0105 bluzki VALENTINA \u00a0<a href=\"https:\/\/talja.pl\/index.php\/produkt\/koszula-lniana-valentina-kolory\/\">&lt;link do bluzki&gt; <\/a>, Natalia -173cm, rozm S. Len w paski wygl\u0105da pi\u0119knie w zestawu z lnem stalowoszarym <a href=\"https:\/\/talja.pl\/index.php\/produkt\/lniane-kuloty-z-paskiem\/\">&lt;kuloty&gt;<\/a><\/p><p><p class=\"responsive-video-wrap clr\"><iframe title=\"Lniana koszula Valentina + lniane kuloty\" width=\"1200\" height=\"675\" src=\"https:\/\/www.youtube.com\/embed\/RAMF0CUZsVM?feature=oembed\" frameborder=\"0\" allow=\"accelerometer; autoplay; clipboard-write; encrypted-media; gyroscope; picture-in-picture; web-share\" referrerpolicy=\"strict-origin-when-cross-origin\" allowfullscreen><\/iframe><\/p><\/p><p><strong>Tkanina Lniano &#8211; wiskozowa : len 20% + wiskoza 80% \u00a0&#8211; MALOWANE KWIATY ,<\/strong> produkcja Holandia- tutaj pod postaci\u0105 sukienki Julii Midi, Natalia -173cm, rozm S <a href=\"https:\/\/talja.pl\/index.php\/produkt\/sukienka-lniana-julia\/\">&lt; link do sukienki &gt;<\/a><\/p><p><p class=\"responsive-video-wrap clr\"><iframe title=\"Julia Malowane kwiaty\" width=\"1200\" height=\"675\" src=\"https:\/\/www.youtube.com\/embed\/jERdCsJb_2w?feature=oembed\" frameborder=\"0\" allow=\"accelerometer; autoplay; clipboard-write; encrypted-media; gyroscope; picture-in-picture; web-share\" referrerpolicy=\"strict-origin-when-cross-origin\" allowfullscreen><\/iframe><\/p><\/p>\t\t\t\t\t\t\t\t<\/div>\n\t\t\t\t<\/div>\n\t\t\t\t\t<\/div>\n\t\t<\/div>\n\t\t\t\t\t<\/div>\n\t\t<\/section>\n\t\t\t\t<\/div>\n\t\t","protected":false},"excerpt":{"rendered":"<p>Wiosenne nowo\u015bci w Talji \u2013 odkryj nasze trzy wyj\u0105tkowe tkaniny! Wiosna to czas odnowy, \u015bwie\u017co\u015bci i nowych inspiracji \u2013 a w Talji oznacza to r\u00f3wnie\u017c premier\u0119 wyj\u0105tkowych tkanin! \ud83c\udf3f\ud83c\udf38 Przygotowali\u015bmy dla Was trzy nowe wzorzyste tkaniny, kt\u00f3re doskonale komponuj\u0105 si\u0119 z wi\u0119kszo\u015bci\u0105 naszych kreacji. To propozycje, kt\u00f3re \u0142\u0105cz\u0105 lekko\u015b\u0107, naturalno\u015b\u0107 i pi\u0119kne desenie \u2013 idealne [&hellip;]<\/p>\n","protected":false},"author":2,"featured_media":12714,"parent":0,"menu_order":0,"comment_status":"open","ping_status":"closed","template":"","meta":{"footnotes":""},"class_list":["post-12727","page","type-page","status-publish","has-post-thumbnail","hentry","entry","has-media","owp-thumbs-layout-horizontal","owp-btn-big","owp-tabs-layout-horizontal","has-no-thumbnails","has-product-nav"],"yoast_head":"<!-- This site is optimized with the Yoast SEO plugin v27.0 - https:\/\/yoast.com\/product\/yoast-seo-wordpress\/ -->\n<title>Tkaniny lniane we wzory - edycja limitowana - www.talja.pl<\/title>\n<meta name=\"robots\" content=\"index, follow, max-snippet:-1, max-image-preview:large, max-video-preview:-1\" \/>\n<link rel=\"canonical\" href=\"https:\/\/talja.pl\/index.php\/tkaniny-lniane-we-wzory-edycja-limitowana\/\" \/>\n<meta property=\"og:locale\" content=\"pl_PL\" \/>\n<meta property=\"og:type\" content=\"article\" \/>\n<meta property=\"og:title\" content=\"Tkaniny lniane we wzory - edycja limitowana - www.talja.pl\" \/>\n<meta property=\"og:description\" content=\"Wiosenne nowo\u015bci w Talji \u2013 odkryj nasze trzy wyj\u0105tkowe tkaniny! Wiosna to czas odnowy, \u015bwie\u017co\u015bci i nowych inspiracji \u2013 a w Talji oznacza to r\u00f3wnie\u017c premier\u0119 wyj\u0105tkowych tkanin! \ud83c\udf3f\ud83c\udf38 Przygotowali\u015bmy dla Was trzy nowe wzorzyste tkaniny, kt\u00f3re doskonale komponuj\u0105 si\u0119 z wi\u0119kszo\u015bci\u0105 naszych kreacji. To propozycje, kt\u00f3re \u0142\u0105cz\u0105 lekko\u015b\u0107, naturalno\u015b\u0107 i pi\u0119kne desenie \u2013 idealne [&hellip;]\" \/>\n<meta property=\"og:url\" content=\"https:\/\/talja.pl\/index.php\/tkaniny-lniane-we-wzory-edycja-limitowana\/\" \/>\n<meta property=\"og:site_name\" content=\"www.talja.pl\" \/>\n<meta property=\"article:publisher\" content=\"https:\/\/www.facebook.com\/Talja-418285408906660\/\" \/>\n<meta property=\"article:modified_time\" content=\"2025-03-20T15:56:50+00:00\" \/>\n<meta property=\"og:image\" content=\"https:\/\/talja.pl\/wp-content\/uploads\/2025\/03\/IMG_2623-2-scaled.jpg\" \/>\n\t<meta property=\"og:image:width\" content=\"1440\" \/>\n\t<meta property=\"og:image:height\" content=\"2560\" \/>\n\t<meta property=\"og:image:type\" content=\"image\/jpeg\" \/>\n<meta name=\"twitter:card\" content=\"summary_large_image\" \/>\n<meta name=\"twitter:site\" content=\"@talja_pracownia\" \/>\n<meta name=\"twitter:label1\" content=\"Szacowany czas czytania\" \/>\n\t<meta name=\"twitter:data1\" content=\"3 minuty\" \/>\n<script type=\"application\/ld+json\" class=\"yoast-schema-graph\">{\"@context\":\"https:\/\/schema.org\",\"@graph\":[{\"@type\":\"WebPage\",\"@id\":\"https:\/\/talja.pl\/index.php\/tkaniny-lniane-we-wzory-edycja-limitowana\/\",\"url\":\"https:\/\/talja.pl\/index.php\/tkaniny-lniane-we-wzory-edycja-limitowana\/\",\"name\":\"Tkaniny lniane we wzory - edycja limitowana - www.talja.pl\",\"isPartOf\":{\"@id\":\"https:\/\/talja.pl\/#website\"},\"primaryImageOfPage\":{\"@id\":\"https:\/\/talja.pl\/index.php\/tkaniny-lniane-we-wzory-edycja-limitowana\/#primaryimage\"},\"image\":{\"@id\":\"https:\/\/talja.pl\/index.php\/tkaniny-lniane-we-wzory-edycja-limitowana\/#primaryimage\"},\"thumbnailUrl\":\"https:\/\/talja.pl\/wp-content\/uploads\/2025\/03\/IMG_2623-2-scaled.jpg\",\"datePublished\":\"2025-03-20T13:52:19+00:00\",\"dateModified\":\"2025-03-20T15:56:50+00:00\",\"breadcrumb\":{\"@id\":\"https:\/\/talja.pl\/index.php\/tkaniny-lniane-we-wzory-edycja-limitowana\/#breadcrumb\"},\"inLanguage\":\"pl-PL\",\"potentialAction\":[{\"@type\":\"ReadAction\",\"target\":[\"https:\/\/talja.pl\/index.php\/tkaniny-lniane-we-wzory-edycja-limitowana\/\"]}]},{\"@type\":\"ImageObject\",\"inLanguage\":\"pl-PL\",\"@id\":\"https:\/\/talja.pl\/index.php\/tkaniny-lniane-we-wzory-edycja-limitowana\/#primaryimage\",\"url\":\"https:\/\/talja.pl\/wp-content\/uploads\/2025\/03\/IMG_2623-2-scaled.jpg\",\"contentUrl\":\"https:\/\/talja.pl\/wp-content\/uploads\/2025\/03\/IMG_2623-2-scaled.jpg\",\"width\":1440,\"height\":2560},{\"@type\":\"BreadcrumbList\",\"@id\":\"https:\/\/talja.pl\/index.php\/tkaniny-lniane-we-wzory-edycja-limitowana\/#breadcrumb\",\"itemListElement\":[{\"@type\":\"ListItem\",\"position\":1,\"name\":\"Strona g\u0142\u00f3wna\",\"item\":\"https:\/\/talja.pl\/\"},{\"@type\":\"ListItem\",\"position\":2,\"name\":\"Tkaniny lniane we wzory &#8211; edycja limitowana\"}]},{\"@type\":\"WebSite\",\"@id\":\"https:\/\/talja.pl\/#website\",\"url\":\"https:\/\/talja.pl\/\",\"name\":\"www.talja.pl\",\"description\":\"\",\"publisher\":{\"@id\":\"https:\/\/talja.pl\/#organization\"},\"potentialAction\":[{\"@type\":\"SearchAction\",\"target\":{\"@type\":\"EntryPoint\",\"urlTemplate\":\"https:\/\/talja.pl\/?s={search_term_string}\"},\"query-input\":{\"@type\":\"PropertyValueSpecification\",\"valueRequired\":true,\"valueName\":\"search_term_string\"}}],\"inLanguage\":\"pl-PL\"},{\"@type\":\"Organization\",\"@id\":\"https:\/\/talja.pl\/#organization\",\"name\":\"Talja\",\"url\":\"https:\/\/talja.pl\/\",\"logo\":{\"@type\":\"ImageObject\",\"inLanguage\":\"pl-PL\",\"@id\":\"https:\/\/talja.pl\/#\/schema\/logo\/image\/\",\"url\":\"https:\/\/talja.pl\/wp-content\/uploads\/2019\/06\/baner-talja-2.jpg\",\"contentUrl\":\"https:\/\/talja.pl\/wp-content\/uploads\/2019\/06\/baner-talja-2.jpg\",\"width\":1300,\"height\":300,\"caption\":\"Talja\"},\"image\":{\"@id\":\"https:\/\/talja.pl\/#\/schema\/logo\/image\/\"},\"sameAs\":[\"https:\/\/www.facebook.com\/Talja-418285408906660\/\",\"https:\/\/x.com\/talja_pracownia\",\"https:\/\/www.instagram.com\/talja_pracownia\/\"]}]}<\/script>\n<!-- \/ Yoast SEO plugin. -->","yoast_head_json":{"title":"Tkaniny lniane we wzory - edycja limitowana - www.talja.pl","robots":{"index":"index","follow":"follow","max-snippet":"max-snippet:-1","max-image-preview":"max-image-preview:large","max-video-preview":"max-video-preview:-1"},"canonical":"https:\/\/talja.pl\/index.php\/tkaniny-lniane-we-wzory-edycja-limitowana\/","og_locale":"pl_PL","og_type":"article","og_title":"Tkaniny lniane we wzory - edycja limitowana - www.talja.pl","og_description":"Wiosenne nowo\u015bci w Talji \u2013 odkryj nasze trzy wyj\u0105tkowe tkaniny! Wiosna to czas odnowy, \u015bwie\u017co\u015bci i nowych inspiracji \u2013 a w Talji oznacza to r\u00f3wnie\u017c premier\u0119 wyj\u0105tkowych tkanin! \ud83c\udf3f\ud83c\udf38 Przygotowali\u015bmy dla Was trzy nowe wzorzyste tkaniny, kt\u00f3re doskonale komponuj\u0105 si\u0119 z wi\u0119kszo\u015bci\u0105 naszych kreacji. To propozycje, kt\u00f3re \u0142\u0105cz\u0105 lekko\u015b\u0107, naturalno\u015b\u0107 i pi\u0119kne desenie \u2013 idealne [&hellip;]","og_url":"https:\/\/talja.pl\/index.php\/tkaniny-lniane-we-wzory-edycja-limitowana\/","og_site_name":"www.talja.pl","article_publisher":"https:\/\/www.facebook.com\/Talja-418285408906660\/","article_modified_time":"2025-03-20T15:56:50+00:00","og_image":[{"width":1440,"height":2560,"url":"https:\/\/talja.pl\/wp-content\/uploads\/2025\/03\/IMG_2623-2-scaled.jpg","type":"image\/jpeg"}],"twitter_card":"summary_large_image","twitter_site":"@talja_pracownia","twitter_misc":{"Szacowany czas czytania":"3 minuty"},"schema":{"@context":"https:\/\/schema.org","@graph":[{"@type":"WebPage","@id":"https:\/\/talja.pl\/index.php\/tkaniny-lniane-we-wzory-edycja-limitowana\/","url":"https:\/\/talja.pl\/index.php\/tkaniny-lniane-we-wzory-edycja-limitowana\/","name":"Tkaniny lniane we wzory - edycja limitowana - www.talja.pl","isPartOf":{"@id":"https:\/\/talja.pl\/#website"},"primaryImageOfPage":{"@id":"https:\/\/talja.pl\/index.php\/tkaniny-lniane-we-wzory-edycja-limitowana\/#primaryimage"},"image":{"@id":"https:\/\/talja.pl\/index.php\/tkaniny-lniane-we-wzory-edycja-limitowana\/#primaryimage"},"thumbnailUrl":"https:\/\/talja.pl\/wp-content\/uploads\/2025\/03\/IMG_2623-2-scaled.jpg","datePublished":"2025-03-20T13:52:19+00:00","dateModified":"2025-03-20T15:56:50+00:00","breadcrumb":{"@id":"https:\/\/talja.pl\/index.php\/tkaniny-lniane-we-wzory-edycja-limitowana\/#breadcrumb"},"inLanguage":"pl-PL","potentialAction":[{"@type":"ReadAction","target":["https:\/\/talja.pl\/index.php\/tkaniny-lniane-we-wzory-edycja-limitowana\/"]}]},{"@type":"ImageObject","inLanguage":"pl-PL","@id":"https:\/\/talja.pl\/index.php\/tkaniny-lniane-we-wzory-edycja-limitowana\/#primaryimage","url":"https:\/\/talja.pl\/wp-content\/uploads\/2025\/03\/IMG_2623-2-scaled.jpg","contentUrl":"https:\/\/talja.pl\/wp-content\/uploads\/2025\/03\/IMG_2623-2-scaled.jpg","width":1440,"height":2560},{"@type":"BreadcrumbList","@id":"https:\/\/talja.pl\/index.php\/tkaniny-lniane-we-wzory-edycja-limitowana\/#breadcrumb","itemListElement":[{"@type":"ListItem","position":1,"name":"Strona g\u0142\u00f3wna","item":"https:\/\/talja.pl\/"},{"@type":"ListItem","position":2,"name":"Tkaniny lniane we wzory &#8211; edycja limitowana"}]},{"@type":"WebSite","@id":"https:\/\/talja.pl\/#website","url":"https:\/\/talja.pl\/","name":"www.talja.pl","description":"","publisher":{"@id":"https:\/\/talja.pl\/#organization"},"potentialAction":[{"@type":"SearchAction","target":{"@type":"EntryPoint","urlTemplate":"https:\/\/talja.pl\/?s={search_term_string}"},"query-input":{"@type":"PropertyValueSpecification","valueRequired":true,"valueName":"search_term_string"}}],"inLanguage":"pl-PL"},{"@type":"Organization","@id":"https:\/\/talja.pl\/#organization","name":"Talja","url":"https:\/\/talja.pl\/","logo":{"@type":"ImageObject","inLanguage":"pl-PL","@id":"https:\/\/talja.pl\/#\/schema\/logo\/image\/","url":"https:\/\/talja.pl\/wp-content\/uploads\/2019\/06\/baner-talja-2.jpg","contentUrl":"https:\/\/talja.pl\/wp-content\/uploads\/2019\/06\/baner-talja-2.jpg","width":1300,"height":300,"caption":"Talja"},"image":{"@id":"https:\/\/talja.pl\/#\/schema\/logo\/image\/"},"sameAs":["https:\/\/www.facebook.com\/Talja-418285408906660\/","https:\/\/x.com\/talja_pracownia","https:\/\/www.instagram.com\/talja_pracownia\/"]}]}},"_links":{"self":[{"href":"https:\/\/talja.pl\/index.php\/wp-json\/wp\/v2\/pages\/12727","targetHints":{"allow":["GET"]}}],"collection":[{"href":"https:\/\/talja.pl\/index.php\/wp-json\/wp\/v2\/pages"}],"about":[{"href":"https:\/\/talja.pl\/index.php\/wp-json\/wp\/v2\/types\/page"}],"author":[{"embeddable":true,"href":"https:\/\/talja.pl\/index.php\/wp-json\/wp\/v2\/users\/2"}],"replies":[{"embeddable":true,"href":"https:\/\/talja.pl\/index.php\/wp-json\/wp\/v2\/comments?post=12727"}],"version-history":[{"count":35,"href":"https:\/\/talja.pl\/index.php\/wp-json\/wp\/v2\/pages\/12727\/revisions"}],"predecessor-version":[{"id":15613,"href":"https:\/\/talja.pl\/index.php\/wp-json\/wp\/v2\/pages\/12727\/revisions\/15613"}],"wp:featuredmedia":[{"embeddable":true,"href":"https:\/\/talja.pl\/index.php\/wp-json\/wp\/v2\/media\/12714"}],"wp:attachment":[{"href":"https:\/\/talja.pl\/index.php\/wp-json\/wp\/v2\/media?parent=12727"}],"curies":[{"name":"wp","href":"https:\/\/api.w.org\/{rel}","templated":true}]}}