{"id":5026,"date":"2022-03-07T16:56:33","date_gmt":"2022-03-07T15:56:33","guid":{"rendered":"https:\/\/talja.pl\/?page_id=5026"},"modified":"2026-03-06T10:50:06","modified_gmt":"2026-03-06T09:50:06","slug":"lnywewzory","status":"publish","type":"page","link":"https:\/\/talja.pl\/index.php\/lnywewzory\/","title":{"rendered":"LNIANE SUKIENKI W KWIECISTE WZORY"},"content":{"rendered":"\n<h2 class=\"wp-block-heading has-text-align-center\"><strong>LNIANE SUKIENKI W KWIECISTE WZORY<\/strong> &#8211; edycja limitowana<\/h2>\n\n\n\n<p><\/p>\n\n\n\n<p>Czy wiesz, \u017ce w naszej pracowni rozgo\u015bci\u0142y si\u0119 pi\u0119kne, kwieciste wzory na naszych lnianych tkaninach? <\/p>\n\n\n\n<p>Tak! To wspania\u0142a wiadomo\u015b\u0107 ! Od teraz mo\u017cemy uszy\u0107 dla Ciebie ka\u017cd\u0105 z naszych lnianych kreacji (<strong> dotyczy to wszystkich sukienek, sp\u00f3dnic oraz bluzek<\/strong> ) nie tylko w jednym z dost\u0119pnych 22 kolor\u00f3w ln\u00f3w ( wi\u0119cej o nich doczytasz<a href=\"https:\/\/talja.pl\/index.php\/kolory-lnow\/\"> tutaj <\/a>), ale r\u00f3wnie\u017c w kwiecistych wzorach ! <\/p>\n\n\n\n<p>Aktualnie dost\u0119pne mamy dwa wzory naniesione metod\u0105 cyfrow\u0105 najwy\u017cszej jako\u015bci na tkanin\u0119 lnian\u0105. Do wyboru dla Ciebie mamy wzory <strong>FLOWER POWER <\/strong>oraz <strong>SECRET GARDEN<\/strong>. Oba wzory<strong> nadrukowane s\u0105 na przyjemnie zmi\u0119kczanym lnie<\/strong> o sk\u0142adzie czysty len ( <strong>len 100%<\/strong>) bez domieszek. <\/p>\n\n\n\n<p>  <strong>Oba wzory wyst\u0119puj\u0105 w kr\u00f3tkiej edycji limitowanej a wyszywane z nich kreacje b\u0119d\u0105 tylko do czasu wykorzystania bie\u017c\u0105cego zapasu tkanin.<\/strong><\/p>\n\n\n\n<h2 class=\"wp-block-heading has-text-align-center\"><strong>FLOWER POWER<\/strong><\/h2>\n\n\n\n<p><strong>FLOWER POWER<\/strong> to kwintesencja wiosny i lata. Bukiety subtelnych kwiat\u00f3w na brzoskwiniowo &#8211; \u0142ososiowym tle. To propozycja dla romantyczek i mi\u0142o\u015bniczek naturalnej ro\u015blinno\u015bci w niebanalnych barwach. Nadruk jest niezwykle energetyzuj\u0105cy i kobiecy. Zdecydowanie nie mo\u017ce zabrakn\u0105\u0107 go w Twojej szafie je\u015bli kochasz przyrod\u0119 , naturalne tkaniny i dopieszczone w najmniejszym szczeg\u00f3le krawiectwo. Poni\u017cej przyk\u0142adowa realizacja sukienki <a href=\"https:\/\/talja.pl\/index.php\/produkt\/lniana-sukienka-scarlettt-kolory-inspirowana-latami-40-tymi\/\">SCARLETT<\/a> midi we wzorze FLOWER POWER.  :<\/p>\n\n\n<div class=\"wp-block-image\">\n<figure class=\"aligncenter size-large\"><img decoding=\"async\" src=\"https:\/\/talja.pl\/wp-content\/uploads\/2022\/03\/taljaIMG_8091lnianesukienki-768x1024.jpg\" alt=\"\" class=\"wp-image-5027\"\/><\/figure>\n<\/div>\n\n<div class=\"wp-block-image\">\n<figure class=\"aligncenter size-large\"><img fetchpriority=\"high\" decoding=\"async\" width=\"768\" height=\"1024\" src=\"https:\/\/talja.pl\/wp-content\/uploads\/2022\/03\/taljaIMG_8083lnianesukienki-768x1024.jpg\" alt=\"\" class=\"wp-image-5035\" srcset=\"https:\/\/talja.pl\/wp-content\/uploads\/2022\/03\/taljaIMG_8083lnianesukienki-768x1024.jpg 768w, https:\/\/talja.pl\/wp-content\/uploads\/2022\/03\/taljaIMG_8083lnianesukienki-999x1332.jpg 999w, https:\/\/talja.pl\/wp-content\/uploads\/2022\/03\/taljaIMG_8083lnianesukienki-300x400.jpg 300w, https:\/\/talja.pl\/wp-content\/uploads\/2022\/03\/taljaIMG_8083lnianesukienki-225x300.jpg 225w, https:\/\/talja.pl\/wp-content\/uploads\/2022\/03\/taljaIMG_8083lnianesukienki.jpg 1080w\" sizes=\"(max-width: 768px) 100vw, 768px\" \/><\/figure>\n<\/div>\n\n<div class=\"wp-block-image\">\n<figure class=\"aligncenter size-large\"><img decoding=\"async\" width=\"1024\" height=\"768\" src=\"https:\/\/talja.pl\/wp-content\/uploads\/2022\/03\/taljaIMG_8102lnianesukienki-1024x768.jpg\" alt=\"\" class=\"wp-image-5030\" srcset=\"https:\/\/talja.pl\/wp-content\/uploads\/2022\/03\/taljaIMG_8102lnianesukienki-1024x768.jpg 1024w, https:\/\/talja.pl\/wp-content\/uploads\/2022\/03\/taljaIMG_8102lnianesukienki-999x749.jpg 999w, https:\/\/talja.pl\/wp-content\/uploads\/2022\/03\/taljaIMG_8102lnianesukienki-300x225.jpg 300w, https:\/\/talja.pl\/wp-content\/uploads\/2022\/03\/taljaIMG_8102lnianesukienki-768x576.jpg 768w, https:\/\/talja.pl\/wp-content\/uploads\/2022\/03\/taljaIMG_8102lnianesukienki.jpg 1080w\" sizes=\"(max-width: 1024px) 100vw, 1024px\" \/><\/figure>\n<\/div>\n\n<div class=\"wp-block-image\">\n<figure class=\"aligncenter size-large\"><img decoding=\"async\" width=\"768\" height=\"1024\" src=\"https:\/\/talja.pl\/wp-content\/uploads\/2022\/03\/taljaIMG_8085lnianesukienki-768x1024.jpg\" alt=\"\" class=\"wp-image-5031\" srcset=\"https:\/\/talja.pl\/wp-content\/uploads\/2022\/03\/taljaIMG_8085lnianesukienki-768x1024.jpg 768w, https:\/\/talja.pl\/wp-content\/uploads\/2022\/03\/taljaIMG_8085lnianesukienki-999x1332.jpg 999w, https:\/\/talja.pl\/wp-content\/uploads\/2022\/03\/taljaIMG_8085lnianesukienki-300x400.jpg 300w, https:\/\/talja.pl\/wp-content\/uploads\/2022\/03\/taljaIMG_8085lnianesukienki-225x300.jpg 225w, https:\/\/talja.pl\/wp-content\/uploads\/2022\/03\/taljaIMG_8085lnianesukienki.jpg 1080w\" sizes=\"(max-width: 768px) 100vw, 768px\" \/><\/figure>\n<\/div>\n\n\n<h2 class=\"wp-block-heading has-text-align-center\"><strong>SECRET GARDEN<\/strong><\/h2>\n\n\n\n<p><strong>SECRET GARDEN<\/strong> to kwiecisto- owocowy wz\u00f3r w ciemniejszych odcieniach na szarym tle. Ta oto tkanina dedykowana jest dla mi\u0142o\u015bniczek nieco ciemniejszych ton\u00f3w. Poni\u017cej dla przyk\u0142adu uszyta z lnu we wzorze SECRET GARDEN sukienka <a href=\"https:\/\/talja.pl\/index.php\/produkt\/otylia\/\">Otylia <\/a>w d\u0142ugo\u015bci midi. <\/p>\n\n\n\n<figure class=\"wp-block-gallery has-nested-images columns-default is-cropped wp-block-gallery-1 is-layout-flex wp-block-gallery-is-layout-flex\">\n<figure class=\"wp-block-image size-large\"><img loading=\"lazy\" decoding=\"async\" width=\"1080\" height=\"1440\" data-id=\"5045\" src=\"https:\/\/talja.pl\/wp-content\/uploads\/2022\/03\/taljaIMG_8111lnianesukienki.jpg\" alt=\"\" class=\"wp-image-5045\"\/><\/figure>\n\n\n\n<figure class=\"wp-block-image size-large\"><img loading=\"lazy\" decoding=\"async\" width=\"1080\" height=\"1440\" data-id=\"5046\" src=\"https:\/\/talja.pl\/wp-content\/uploads\/2022\/03\/taljaIMG_8124lnianesukienki.jpg\" alt=\"\" class=\"wp-image-5046\"\/><\/figure>\n<\/figure>\n\n\n<div class=\"wp-block-image\">\n<figure class=\"aligncenter size-large\"><img decoding=\"async\" src=\"https:\/\/talja.pl\/wp-content\/uploads\/2022\/03\/taljaIMG_8108lnianesukienki-683x1024.jpg\" alt=\"\" class=\"wp-image-5047\"\/><\/figure>\n<\/div>\n\n<div class=\"wp-block-image\">\n<figure class=\"aligncenter size-large\"><img loading=\"lazy\" decoding=\"async\" width=\"1024\" height=\"768\" src=\"https:\/\/talja.pl\/wp-content\/uploads\/2022\/03\/taljaIMG_8117lnianesukienki-1024x768.jpg\" alt=\"\" class=\"wp-image-5048\" srcset=\"https:\/\/talja.pl\/wp-content\/uploads\/2022\/03\/taljaIMG_8117lnianesukienki-1024x768.jpg 1024w, https:\/\/talja.pl\/wp-content\/uploads\/2022\/03\/taljaIMG_8117lnianesukienki-999x749.jpg 999w, https:\/\/talja.pl\/wp-content\/uploads\/2022\/03\/taljaIMG_8117lnianesukienki-300x225.jpg 300w, https:\/\/talja.pl\/wp-content\/uploads\/2022\/03\/taljaIMG_8117lnianesukienki-768x576.jpg 768w, https:\/\/talja.pl\/wp-content\/uploads\/2022\/03\/taljaIMG_8117lnianesukienki.jpg 1080w\" sizes=\"(max-width: 1024px) 100vw, 1024px\" \/><\/figure>\n<\/div>\n\n\n<figure class=\"wp-block-gallery aligncenter has-nested-images columns-default is-cropped wp-block-gallery-2 is-layout-flex wp-block-gallery-is-layout-flex\">\n<figure class=\"wp-block-image size-large\"><img loading=\"lazy\" decoding=\"async\" width=\"1080\" height=\"1440\" data-id=\"5049\" src=\"https:\/\/talja.pl\/wp-content\/uploads\/2022\/03\/taljaIMG_8125lnianesukienki.jpg\" alt=\"\" class=\"wp-image-5049\"\/><\/figure>\n\n\n\n<figure class=\"wp-block-image size-large\"><img loading=\"lazy\" decoding=\"async\" width=\"1080\" height=\"1440\" data-id=\"5050\" src=\"https:\/\/talja.pl\/wp-content\/uploads\/2022\/03\/taljaIMG_8131lnianesukienki.jpg\" alt=\"\" class=\"wp-image-5050\"\/><\/figure>\n<\/figure>\n","protected":false},"excerpt":{"rendered":"<p>LNIANE SUKIENKI W KWIECISTE WZORY &#8211; edycja limitowana Czy wiesz, \u017ce w naszej pracowni rozgo\u015bci\u0142y si\u0119 pi\u0119kne, kwieciste wzory na naszych lnianych tkaninach? Tak! To wspania\u0142a wiadomo\u015b\u0107 ! Od teraz mo\u017cemy uszy\u0107 dla Ciebie ka\u017cd\u0105 z naszych lnianych kreacji ( dotyczy to wszystkich sukienek, sp\u00f3dnic oraz bluzek ) nie tylko w jednym z dost\u0119pnych 22 [&hellip;]<\/p>\n","protected":false},"author":2,"featured_media":0,"parent":0,"menu_order":0,"comment_status":"closed","ping_status":"closed","template":"","meta":{"footnotes":""},"class_list":["post-5026","page","type-page","status-publish","hentry","entry","owp-thumbs-layout-horizontal","owp-btn-big","owp-tabs-layout-horizontal","has-no-thumbnails","has-product-nav"],"yoast_head":"<!-- This site is optimized with the Yoast SEO plugin v27.0 - https:\/\/yoast.com\/product\/yoast-seo-wordpress\/ -->\n<title>LNIANE SUKIENKI W KWIECISTE WZORY - www.talja.pl<\/title>\n<meta name=\"robots\" content=\"index, follow, max-snippet:-1, max-image-preview:large, max-video-preview:-1\" \/>\n<link rel=\"canonical\" href=\"https:\/\/talja.pl\/index.php\/lnywewzory\/\" \/>\n<meta property=\"og:locale\" content=\"pl_PL\" \/>\n<meta property=\"og:type\" content=\"article\" \/>\n<meta property=\"og:title\" content=\"LNIANE SUKIENKI W KWIECISTE WZORY - www.talja.pl\" \/>\n<meta property=\"og:description\" content=\"LNIANE SUKIENKI W KWIECISTE WZORY &#8211; edycja limitowana Czy wiesz, \u017ce w naszej pracowni rozgo\u015bci\u0142y si\u0119 pi\u0119kne, kwieciste wzory na naszych lnianych tkaninach? Tak! To wspania\u0142a wiadomo\u015b\u0107 ! Od teraz mo\u017cemy uszy\u0107 dla Ciebie ka\u017cd\u0105 z naszych lnianych kreacji ( dotyczy to wszystkich sukienek, sp\u00f3dnic oraz bluzek ) nie tylko w jednym z dost\u0119pnych 22 [&hellip;]\" \/>\n<meta property=\"og:url\" content=\"https:\/\/talja.pl\/index.php\/lnywewzory\/\" \/>\n<meta property=\"og:site_name\" content=\"www.talja.pl\" \/>\n<meta property=\"article:publisher\" content=\"https:\/\/www.facebook.com\/Talja-418285408906660\/\" \/>\n<meta property=\"article:modified_time\" content=\"2026-03-06T09:50:06+00:00\" \/>\n<meta property=\"og:image\" content=\"https:\/\/talja.pl\/wp-content\/uploads\/2022\/03\/taljaIMG_8091lnianesukienki.jpg\" \/>\n\t<meta property=\"og:image:width\" content=\"1080\" \/>\n\t<meta property=\"og:image:height\" content=\"1440\" \/>\n\t<meta property=\"og:image:type\" content=\"image\/jpeg\" \/>\n<meta name=\"twitter:card\" content=\"summary_large_image\" \/>\n<meta name=\"twitter:site\" content=\"@talja_pracownia\" \/>\n<meta name=\"twitter:label1\" content=\"Szacowany czas czytania\" \/>\n\t<meta name=\"twitter:data1\" content=\"4 minuty\" \/>\n<script type=\"application\/ld+json\" class=\"yoast-schema-graph\">{\"@context\":\"https:\/\/schema.org\",\"@graph\":[{\"@type\":\"WebPage\",\"@id\":\"https:\/\/talja.pl\/index.php\/lnywewzory\/\",\"url\":\"https:\/\/talja.pl\/index.php\/lnywewzory\/\",\"name\":\"LNIANE SUKIENKI W KWIECISTE WZORY - www.talja.pl\",\"isPartOf\":{\"@id\":\"https:\/\/talja.pl\/#website\"},\"primaryImageOfPage\":{\"@id\":\"https:\/\/talja.pl\/index.php\/lnywewzory\/#primaryimage\"},\"image\":{\"@id\":\"https:\/\/talja.pl\/index.php\/lnywewzory\/#primaryimage\"},\"thumbnailUrl\":\"https:\/\/talja.pl\/wp-content\/uploads\/2022\/03\/taljaIMG_8091lnianesukienki-768x1024.jpg\",\"datePublished\":\"2022-03-07T15:56:33+00:00\",\"dateModified\":\"2026-03-06T09:50:06+00:00\",\"breadcrumb\":{\"@id\":\"https:\/\/talja.pl\/index.php\/lnywewzory\/#breadcrumb\"},\"inLanguage\":\"pl-PL\",\"potentialAction\":[{\"@type\":\"ReadAction\",\"target\":[\"https:\/\/talja.pl\/index.php\/lnywewzory\/\"]}]},{\"@type\":\"ImageObject\",\"inLanguage\":\"pl-PL\",\"@id\":\"https:\/\/talja.pl\/index.php\/lnywewzory\/#primaryimage\",\"url\":\"https:\/\/talja.pl\/wp-content\/uploads\/2022\/03\/taljaIMG_8091lnianesukienki.jpg\",\"contentUrl\":\"https:\/\/talja.pl\/wp-content\/uploads\/2022\/03\/taljaIMG_8091lnianesukienki.jpg\",\"width\":1080,\"height\":1440},{\"@type\":\"BreadcrumbList\",\"@id\":\"https:\/\/talja.pl\/index.php\/lnywewzory\/#breadcrumb\",\"itemListElement\":[{\"@type\":\"ListItem\",\"position\":1,\"name\":\"Strona g\u0142\u00f3wna\",\"item\":\"https:\/\/talja.pl\/\"},{\"@type\":\"ListItem\",\"position\":2,\"name\":\"LNIANE SUKIENKI W KWIECISTE WZORY\"}]},{\"@type\":\"WebSite\",\"@id\":\"https:\/\/talja.pl\/#website\",\"url\":\"https:\/\/talja.pl\/\",\"name\":\"www.talja.pl\",\"description\":\"\",\"publisher\":{\"@id\":\"https:\/\/talja.pl\/#organization\"},\"potentialAction\":[{\"@type\":\"SearchAction\",\"target\":{\"@type\":\"EntryPoint\",\"urlTemplate\":\"https:\/\/talja.pl\/?s={search_term_string}\"},\"query-input\":{\"@type\":\"PropertyValueSpecification\",\"valueRequired\":true,\"valueName\":\"search_term_string\"}}],\"inLanguage\":\"pl-PL\"},{\"@type\":\"Organization\",\"@id\":\"https:\/\/talja.pl\/#organization\",\"name\":\"Talja\",\"url\":\"https:\/\/talja.pl\/\",\"logo\":{\"@type\":\"ImageObject\",\"inLanguage\":\"pl-PL\",\"@id\":\"https:\/\/talja.pl\/#\/schema\/logo\/image\/\",\"url\":\"https:\/\/talja.pl\/wp-content\/uploads\/2019\/06\/baner-talja-2.jpg\",\"contentUrl\":\"https:\/\/talja.pl\/wp-content\/uploads\/2019\/06\/baner-talja-2.jpg\",\"width\":1300,\"height\":300,\"caption\":\"Talja\"},\"image\":{\"@id\":\"https:\/\/talja.pl\/#\/schema\/logo\/image\/\"},\"sameAs\":[\"https:\/\/www.facebook.com\/Talja-418285408906660\/\",\"https:\/\/x.com\/talja_pracownia\",\"https:\/\/www.instagram.com\/talja_pracownia\/\"]}]}<\/script>\n<!-- \/ Yoast SEO plugin. -->","yoast_head_json":{"title":"LNIANE SUKIENKI W KWIECISTE WZORY - www.talja.pl","robots":{"index":"index","follow":"follow","max-snippet":"max-snippet:-1","max-image-preview":"max-image-preview:large","max-video-preview":"max-video-preview:-1"},"canonical":"https:\/\/talja.pl\/index.php\/lnywewzory\/","og_locale":"pl_PL","og_type":"article","og_title":"LNIANE SUKIENKI W KWIECISTE WZORY - www.talja.pl","og_description":"LNIANE SUKIENKI W KWIECISTE WZORY &#8211; edycja limitowana Czy wiesz, \u017ce w naszej pracowni rozgo\u015bci\u0142y si\u0119 pi\u0119kne, kwieciste wzory na naszych lnianych tkaninach? Tak! To wspania\u0142a wiadomo\u015b\u0107 ! Od teraz mo\u017cemy uszy\u0107 dla Ciebie ka\u017cd\u0105 z naszych lnianych kreacji ( dotyczy to wszystkich sukienek, sp\u00f3dnic oraz bluzek ) nie tylko w jednym z dost\u0119pnych 22 [&hellip;]","og_url":"https:\/\/talja.pl\/index.php\/lnywewzory\/","og_site_name":"www.talja.pl","article_publisher":"https:\/\/www.facebook.com\/Talja-418285408906660\/","article_modified_time":"2026-03-06T09:50:06+00:00","og_image":[{"width":1080,"height":1440,"url":"https:\/\/talja.pl\/wp-content\/uploads\/2022\/03\/taljaIMG_8091lnianesukienki.jpg","type":"image\/jpeg"}],"twitter_card":"summary_large_image","twitter_site":"@talja_pracownia","twitter_misc":{"Szacowany czas czytania":"4 minuty"},"schema":{"@context":"https:\/\/schema.org","@graph":[{"@type":"WebPage","@id":"https:\/\/talja.pl\/index.php\/lnywewzory\/","url":"https:\/\/talja.pl\/index.php\/lnywewzory\/","name":"LNIANE SUKIENKI W KWIECISTE WZORY - www.talja.pl","isPartOf":{"@id":"https:\/\/talja.pl\/#website"},"primaryImageOfPage":{"@id":"https:\/\/talja.pl\/index.php\/lnywewzory\/#primaryimage"},"image":{"@id":"https:\/\/talja.pl\/index.php\/lnywewzory\/#primaryimage"},"thumbnailUrl":"https:\/\/talja.pl\/wp-content\/uploads\/2022\/03\/taljaIMG_8091lnianesukienki-768x1024.jpg","datePublished":"2022-03-07T15:56:33+00:00","dateModified":"2026-03-06T09:50:06+00:00","breadcrumb":{"@id":"https:\/\/talja.pl\/index.php\/lnywewzory\/#breadcrumb"},"inLanguage":"pl-PL","potentialAction":[{"@type":"ReadAction","target":["https:\/\/talja.pl\/index.php\/lnywewzory\/"]}]},{"@type":"ImageObject","inLanguage":"pl-PL","@id":"https:\/\/talja.pl\/index.php\/lnywewzory\/#primaryimage","url":"https:\/\/talja.pl\/wp-content\/uploads\/2022\/03\/taljaIMG_8091lnianesukienki.jpg","contentUrl":"https:\/\/talja.pl\/wp-content\/uploads\/2022\/03\/taljaIMG_8091lnianesukienki.jpg","width":1080,"height":1440},{"@type":"BreadcrumbList","@id":"https:\/\/talja.pl\/index.php\/lnywewzory\/#breadcrumb","itemListElement":[{"@type":"ListItem","position":1,"name":"Strona g\u0142\u00f3wna","item":"https:\/\/talja.pl\/"},{"@type":"ListItem","position":2,"name":"LNIANE SUKIENKI W KWIECISTE WZORY"}]},{"@type":"WebSite","@id":"https:\/\/talja.pl\/#website","url":"https:\/\/talja.pl\/","name":"www.talja.pl","description":"","publisher":{"@id":"https:\/\/talja.pl\/#organization"},"potentialAction":[{"@type":"SearchAction","target":{"@type":"EntryPoint","urlTemplate":"https:\/\/talja.pl\/?s={search_term_string}"},"query-input":{"@type":"PropertyValueSpecification","valueRequired":true,"valueName":"search_term_string"}}],"inLanguage":"pl-PL"},{"@type":"Organization","@id":"https:\/\/talja.pl\/#organization","name":"Talja","url":"https:\/\/talja.pl\/","logo":{"@type":"ImageObject","inLanguage":"pl-PL","@id":"https:\/\/talja.pl\/#\/schema\/logo\/image\/","url":"https:\/\/talja.pl\/wp-content\/uploads\/2019\/06\/baner-talja-2.jpg","contentUrl":"https:\/\/talja.pl\/wp-content\/uploads\/2019\/06\/baner-talja-2.jpg","width":1300,"height":300,"caption":"Talja"},"image":{"@id":"https:\/\/talja.pl\/#\/schema\/logo\/image\/"},"sameAs":["https:\/\/www.facebook.com\/Talja-418285408906660\/","https:\/\/x.com\/talja_pracownia","https:\/\/www.instagram.com\/talja_pracownia\/"]}]}},"_links":{"self":[{"href":"https:\/\/talja.pl\/index.php\/wp-json\/wp\/v2\/pages\/5026","targetHints":{"allow":["GET"]}}],"collection":[{"href":"https:\/\/talja.pl\/index.php\/wp-json\/wp\/v2\/pages"}],"about":[{"href":"https:\/\/talja.pl\/index.php\/wp-json\/wp\/v2\/types\/page"}],"author":[{"embeddable":true,"href":"https:\/\/talja.pl\/index.php\/wp-json\/wp\/v2\/users\/2"}],"replies":[{"embeddable":true,"href":"https:\/\/talja.pl\/index.php\/wp-json\/wp\/v2\/comments?post=5026"}],"version-history":[{"count":22,"href":"https:\/\/talja.pl\/index.php\/wp-json\/wp\/v2\/pages\/5026\/revisions"}],"predecessor-version":[{"id":15618,"href":"https:\/\/talja.pl\/index.php\/wp-json\/wp\/v2\/pages\/5026\/revisions\/15618"}],"wp:attachment":[{"href":"https:\/\/talja.pl\/index.php\/wp-json\/wp\/v2\/media?parent=5026"}],"curies":[{"name":"wp","href":"https:\/\/api.w.org\/{rel}","templated":true}]}}