{"id":10328,"date":"2024-04-26T12:36:06","date_gmt":"2024-04-26T10:36:06","guid":{"rendered":"https:\/\/talja.pl\/?post_type=product&#038;p=10328"},"modified":"2026-03-05T17:56:16","modified_gmt":"2026-03-05T16:56:16","slug":"lniana-bluzka","status":"publish","type":"product","link":"https:\/\/talja.pl\/index.php\/produkt\/lniana-bluzka\/","title":{"rendered":"Lniana bluzka FREYA -kolory"},"content":{"rendered":"<h4><strong>Lniana bluzka FREYA<br \/>\n<\/strong><\/h4>\n<p>Szukasz basicowej bluzki, uszytej z wysokogatunkowej tkaniny lnianej z g\u0142\u0119bszym dekoltem na plecach, pi\u0119knie eksponuj\u0105cym t\u0119 cz\u0119\u015b\u0107 cia\u0142a? To znalaz\u0142a\u015b! \ud83d\ude42 Bluzka posiada dwa dekolty w szpic, minimalistyczny kr\u00f3j, a Twoja sk\u00f3ra wr\u0119cz j\u0105 pokocha w cieplejsze dni! Stw\u00f3rz duet z jedn\u0105 z naszych <a href=\"https:\/\/talja.pl\/index.php\/kategoria-produktu\/spodnice\/\">sp\u00f3dnic<\/a> lub <a href=\"https:\/\/talja.pl\/index.php\/produkt\/lniane-kuloty-z-paskiem\/\">spodni<\/a> i ciesz si\u0119 niebanalnym, wysokiej jako\u015bci kroju i szycia strojem na wiele okazji.<\/p>\n<h4><strong>Za co j\u0105 pokochasz?<\/strong><\/h4>\n<ul>\n<li><strong>len 100%, produkcji polskiej,<\/strong> dodatkowo zmi\u0119kczany, do wyboru\u00a0 ponad 20 kolor\u00f3w ln\u00f3w!<\/li>\n<li>p\u0142ytszy dekolt w szpic z przodu, kobiecy &#8211; g\u0142\u0119bszy z ty\u0142u &#8211; mo\u017cesz by\u0107 spokojna, zakryje on zapi\u0119cie od biustonosza<\/li>\n<li>zaszewki modeluj\u0105ce na wysoko\u015bci biustu<\/li>\n<li>dekolt i pachy wyko\u0144czone tzw. &#8220;ob\u0142o\u017ceniem&#8221; &#8211; czyli wersja elegancka : na prawej stronie bluzki nie ma \u017cadnej linii szycia<\/li>\n<li>uszyjemy j\u0105 dla Ciebie w naszej szczeci\u0144skiej, kameralnej pracowni<\/li>\n<\/ul>\n<h4><strong>Sk\u0142ad i szycie<\/strong><\/h4>\n<p><strong>len 100%, cudownie zmi\u0119kczany ; produkcji polskiej.<\/strong><\/p>\n<p><img decoding=\"async\" class=\"alignnone wp-image-5333 size-medium\" src=\"https:\/\/talja.pl\/wp-content\/uploads\/2022\/04\/Certyfikat-Oeko-Tex-standard-100-300x119.png\" alt=\"\" width=\"300\" height=\"119\" \/><\/p>\n<p>Wszystkie nasze lny s\u0105 produkcji polskiej oraz spe\u0142niaj\u0105 wymogi\u00a0 norm <strong>OEKO TEX \u2013 Standard 100<\/strong>, co oznacza, \u017ce zosta\u0142y przebadane i nie zawieraj\u0105 \u015brodk\u00f3w szkodliwych zar\u00f3wno dla cz\u0142owieka jak i \u015brodowiska. Dodatkowo s\u0105 cudownie zmi\u0119kczane, a ten fakt z pewno\u015bci\u0105 doceni Twoja sk\u00f3ra.<\/p>\n<h4><strong>Rozmiar\u00a0<\/strong><\/h4>\n<p><img fetchpriority=\"high\" decoding=\"async\" class=\"alignnone size-full wp-image-10352\" src=\"https:\/\/talja.pl\/wp-content\/uploads\/2024\/04\/bluzka-top.png\" alt=\"\" width=\"713\" height=\"107\" srcset=\"https:\/\/talja.pl\/wp-content\/uploads\/2024\/04\/bluzka-top.png 713w, https:\/\/talja.pl\/wp-content\/uploads\/2024\/04\/bluzka-top-300x45.png 300w\" sizes=\"(max-width: 713px) 100vw, 713px\" \/><\/p>\n<p><img decoding=\"async\" class=\"alignnone wp-image-10345 size-medium\" src=\"https:\/\/talja.pl\/wp-content\/uploads\/2024\/04\/6I3A8416-200x300.jpg\" alt=\"lniany top lniana bluzka z dekoltem w szpic na plecach\" width=\"200\" height=\"300\" \/><\/p>\n<p>Natalia ( 173cm, obw\u00f3d biustu 83cm)\u00a0 \u00a0prezentuje bluzki w kolorach: fuksja, cynamon, liliowy . Je\u015bli chcesz dowiedzie\u0107 si\u0119 wi\u0119cej o kolorach z jakich szyjemy w pracowni &#8211; zerknij<a href=\"https:\/\/talja.pl\/index.php\/kolory-lnow\/\"> tutaj<\/a> .<\/p>\n<p>Je\u015bli masz problem z doborem rozmiaru &#8211; napisz do nas na kontakt@talja.pl \u2013 ch\u0119tnie pomo\u017cemy!<\/p>\n<h4><strong>Piel\u0119gnacja\u00a0<\/strong><\/h4>\n<p>Ubrania z lnu traktuj delikatnie. Nie wybielaj, pierz w 30 stopniach, odwirowuj w pralce na ni\u017cszych obrotach i prasuj max w 150st. Dbaj o nie a b\u0119d\u0105 Ci wdzi\u0119czne.<\/p>\n","protected":false},"excerpt":{"rendered":"<h4><strong>Sk\u0142ad : Len 100% , polskiej produkcji<\/strong><\/h4>\n<p><strong>bluzka dost\u0119pna jest w r\u00f3\u017cnych wersjach kolorystycznych<\/strong><\/p>\n<p><em>Wysy\u0142ka w : 5-14 dni roboczych . Pami\u0119taj : wszystkie lniane bluzki szyte s\u0105 przez nas dopiero po z\u0142o\u017ceniu zam\u00f3wienia. Pozw\u00f3l nam na precyzyjn\u0105 realizacj\u0119 Twojego zam\u00f3wienia<\/em>.<\/p>\n","protected":false},"featured_media":10335,"comment_status":"open","ping_status":"closed","template":"","meta":[],"product_brand":[],"product_cat":[39,45],"product_tag":[40,25,41],"class_list":{"0":"post-10328","1":"product","2":"type-product","3":"status-publish","4":"has-post-thumbnail","6":"product_cat-koszule-i-swetry","7":"product_cat-produkty-na-zamowienie","8":"product_tag-bluzka","9":"product_tag-len","10":"product_tag-top","11":"pa_kolor-kratka-vichy-len-100","12":"pa_kolor-koktajl-truskawkowy-150g-m2","13":"pa_kolor-malina","14":"pa_kolor-liliowy-170g-m2","15":"pa_kolor-pochmurne-niebo-170g-m2","16":"pa_kolor-zielen-trawiasta-170g-m2","17":"pa_kolor-czerwone-wino-150g-m2","18":"pa_kolor-sliwka-170g-m2","19":"pa_kolor-mleczna-czekolada-170g-m2","20":"pa_kolor-letnie-niebo-150g-m2","21":"pa_kolor-biel-170g-m2","22":"pa_kolor-paski-150g-m2-len-100","23":"pa_kolor-naturalny-150g-m2","24":"pa_kolor-fuksja","25":"pa_kolor-morelowy","26":"pa_kolor-chabrowy-150g-m2","27":"pa_kolor-karmel-170-g-m2","28":"pa_kolor-baby-blue-150g-m2","29":"pa_kolor-pudrowy-roz-150g-m2","30":"pa_kolor-arbuz-150g-m2","31":"pa_kolor-pudrowy-szary-170g-m2","32":"pa_kolor-cegla-150g-m2","33":"pa_kolor-ciemna-zielen-150g-m2","34":"pa_kolor-ciemny-niebieski-170g-m2","35":"pa_kolor-cynamon-150g-m2","36":"pa_kolor-czern-150g-m2","37":"pa_kolor-eukaliptus-150g-m2","38":"pa_kolor-khaki-150g-m2","39":"pa_kolor-melon-150g-m2","40":"pa_kolor-wrszos-150g-m2","41":"pa_kolor-stalowo-szary-170g-m2","42":"pa_kolor-wisnia-150g-m2","44":"entry","45":"has-media","47":"first","48":"instock","49":"taxable","50":"shipping-taxable","51":"purchasable","52":"product-type-variable","53":"wvs-archive-product-wrapper","54":"has-rating","55":"has-product-nav","56":"col","57":"span_1_of_4","58":"owp-content-center","59":"owp-thumbs-layout-horizontal","60":"owp-btn-big","61":"owp-tabs-layout-horizontal"},"yoast_head":"<!-- This site is optimized with the Yoast SEO plugin v27.0 - https:\/\/yoast.com\/product\/yoast-seo-wordpress\/ -->\n<title>Lniana bluzka FREYA -kolory - www.talja.pl koszula lniana<\/title>\n<meta name=\"description\" content=\"Szukasz basicowej bluzki, uszytej z wysokogatunkowej tkaniny lnianej z g\u0142\u0119bszym dekoltem na plecach pi\u0119knie eksponuj\u0105cym t\u0119 cz\u0119\u015b\u0107 cia\u0142a? To znalaz\u0142a\u015b! :)\" \/>\n<meta name=\"robots\" content=\"index, follow, max-snippet:-1, max-image-preview:large, max-video-preview:-1\" \/>\n<link rel=\"canonical\" href=\"https:\/\/talja.pl\/index.php\/produkt\/lniana-bluzka\/\" \/>\n<meta property=\"og:locale\" content=\"pl_PL\" \/>\n<meta property=\"og:type\" content=\"article\" \/>\n<meta property=\"og:title\" content=\"Lniana bluzka FREYA -kolory - www.talja.pl koszula lniana\" \/>\n<meta property=\"og:description\" content=\"Szukasz basicowej bluzki, uszytej z wysokogatunkowej tkaniny lnianej z g\u0142\u0119bszym dekoltem na plecach pi\u0119knie eksponuj\u0105cym t\u0119 cz\u0119\u015b\u0107 cia\u0142a? To znalaz\u0142a\u015b! :)\" \/>\n<meta property=\"og:url\" content=\"https:\/\/talja.pl\/index.php\/produkt\/lniana-bluzka\/\" \/>\n<meta property=\"og:site_name\" content=\"www.talja.pl\" \/>\n<meta property=\"article:publisher\" content=\"https:\/\/www.facebook.com\/Talja-418285408906660\/\" \/>\n<meta property=\"article:modified_time\" content=\"2026-03-05T16:56:16+00:00\" \/>\n<meta property=\"og:image\" content=\"https:\/\/talja.pl\/wp-content\/uploads\/2024\/04\/6I3A7234-scaled.jpg\" \/>\n\t<meta property=\"og:image:width\" content=\"1707\" \/>\n\t<meta property=\"og:image:height\" content=\"2560\" \/>\n\t<meta property=\"og:image:type\" content=\"image\/jpeg\" \/>\n<meta name=\"twitter:card\" content=\"summary_large_image\" \/>\n<meta name=\"twitter:site\" content=\"@talja_pracownia\" \/>\n<meta name=\"twitter:label1\" content=\"Szacowany czas czytania\" \/>\n\t<meta name=\"twitter:data1\" content=\"3 minuty\" \/>\n<script type=\"application\/ld+json\" class=\"yoast-schema-graph\">{\"@context\":\"https:\/\/schema.org\",\"@graph\":[{\"@type\":\"WebPage\",\"@id\":\"https:\/\/talja.pl\/index.php\/produkt\/lniana-bluzka\/\",\"url\":\"https:\/\/talja.pl\/index.php\/produkt\/lniana-bluzka\/\",\"name\":\"Lniana bluzka FREYA -kolory - www.talja.pl koszula lniana\",\"isPartOf\":{\"@id\":\"https:\/\/talja.pl\/#website\"},\"primaryImageOfPage\":{\"@id\":\"https:\/\/talja.pl\/index.php\/produkt\/lniana-bluzka\/#primaryimage\"},\"image\":{\"@id\":\"https:\/\/talja.pl\/index.php\/produkt\/lniana-bluzka\/#primaryimage\"},\"thumbnailUrl\":\"https:\/\/talja.pl\/wp-content\/uploads\/2024\/04\/6I3A7234-scaled.jpg\",\"datePublished\":\"2024-04-26T10:36:06+00:00\",\"dateModified\":\"2026-03-05T16:56:16+00:00\",\"description\":\"Szukasz basicowej bluzki, uszytej z wysokogatunkowej tkaniny lnianej z g\u0142\u0119bszym dekoltem na plecach pi\u0119knie eksponuj\u0105cym t\u0119 cz\u0119\u015b\u0107 cia\u0142a? To znalaz\u0142a\u015b! :)\",\"breadcrumb\":{\"@id\":\"https:\/\/talja.pl\/index.php\/produkt\/lniana-bluzka\/#breadcrumb\"},\"inLanguage\":\"pl-PL\",\"potentialAction\":[{\"@type\":\"ReadAction\",\"target\":[\"https:\/\/talja.pl\/index.php\/produkt\/lniana-bluzka\/\"]}]},{\"@type\":\"ImageObject\",\"inLanguage\":\"pl-PL\",\"@id\":\"https:\/\/talja.pl\/index.php\/produkt\/lniana-bluzka\/#primaryimage\",\"url\":\"https:\/\/talja.pl\/wp-content\/uploads\/2024\/04\/6I3A7234-scaled.jpg\",\"contentUrl\":\"https:\/\/talja.pl\/wp-content\/uploads\/2024\/04\/6I3A7234-scaled.jpg\",\"width\":1707,\"height\":2560,\"caption\":\"lniany top lniana bluzka z dekoltem w szpic na plecach\"},{\"@type\":\"BreadcrumbList\",\"@id\":\"https:\/\/talja.pl\/index.php\/produkt\/lniana-bluzka\/#breadcrumb\",\"itemListElement\":[{\"@type\":\"ListItem\",\"position\":1,\"name\":\"Strona g\u0142\u00f3wna\",\"item\":\"https:\/\/talja.pl\/\"},{\"@type\":\"ListItem\",\"position\":2,\"name\":\"talja.pl\",\"item\":\"https:\/\/talja.pl\/index.php\/sklep\/\"},{\"@type\":\"ListItem\",\"position\":3,\"name\":\"Lniana bluzka FREYA -kolory\"}]},{\"@type\":\"WebSite\",\"@id\":\"https:\/\/talja.pl\/#website\",\"url\":\"https:\/\/talja.pl\/\",\"name\":\"www.talja.pl\",\"description\":\"\",\"publisher\":{\"@id\":\"https:\/\/talja.pl\/#organization\"},\"potentialAction\":[{\"@type\":\"SearchAction\",\"target\":{\"@type\":\"EntryPoint\",\"urlTemplate\":\"https:\/\/talja.pl\/?s={search_term_string}\"},\"query-input\":{\"@type\":\"PropertyValueSpecification\",\"valueRequired\":true,\"valueName\":\"search_term_string\"}}],\"inLanguage\":\"pl-PL\"},{\"@type\":\"Organization\",\"@id\":\"https:\/\/talja.pl\/#organization\",\"name\":\"Talja\",\"url\":\"https:\/\/talja.pl\/\",\"logo\":{\"@type\":\"ImageObject\",\"inLanguage\":\"pl-PL\",\"@id\":\"https:\/\/talja.pl\/#\/schema\/logo\/image\/\",\"url\":\"https:\/\/talja.pl\/wp-content\/uploads\/2019\/06\/baner-talja-2.jpg\",\"contentUrl\":\"https:\/\/talja.pl\/wp-content\/uploads\/2019\/06\/baner-talja-2.jpg\",\"width\":1300,\"height\":300,\"caption\":\"Talja\"},\"image\":{\"@id\":\"https:\/\/talja.pl\/#\/schema\/logo\/image\/\"},\"sameAs\":[\"https:\/\/www.facebook.com\/Talja-418285408906660\/\",\"https:\/\/x.com\/talja_pracownia\",\"https:\/\/www.instagram.com\/talja_pracownia\/\"]}]}<\/script>\n<!-- \/ Yoast SEO plugin. -->","yoast_head_json":{"title":"Lniana bluzka FREYA -kolory - www.talja.pl koszula lniana","description":"Szukasz basicowej bluzki, uszytej z wysokogatunkowej tkaniny lnianej z g\u0142\u0119bszym dekoltem na plecach pi\u0119knie eksponuj\u0105cym t\u0119 cz\u0119\u015b\u0107 cia\u0142a? To znalaz\u0142a\u015b! :)","robots":{"index":"index","follow":"follow","max-snippet":"max-snippet:-1","max-image-preview":"max-image-preview:large","max-video-preview":"max-video-preview:-1"},"canonical":"https:\/\/talja.pl\/index.php\/produkt\/lniana-bluzka\/","og_locale":"pl_PL","og_type":"article","og_title":"Lniana bluzka FREYA -kolory - www.talja.pl koszula lniana","og_description":"Szukasz basicowej bluzki, uszytej z wysokogatunkowej tkaniny lnianej z g\u0142\u0119bszym dekoltem na plecach pi\u0119knie eksponuj\u0105cym t\u0119 cz\u0119\u015b\u0107 cia\u0142a? To znalaz\u0142a\u015b! :)","og_url":"https:\/\/talja.pl\/index.php\/produkt\/lniana-bluzka\/","og_site_name":"www.talja.pl","article_publisher":"https:\/\/www.facebook.com\/Talja-418285408906660\/","article_modified_time":"2026-03-05T16:56:16+00:00","og_image":[{"width":1707,"height":2560,"url":"https:\/\/talja.pl\/wp-content\/uploads\/2024\/04\/6I3A7234-scaled.jpg","type":"image\/jpeg"}],"twitter_card":"summary_large_image","twitter_site":"@talja_pracownia","twitter_misc":{"Szacowany czas czytania":"3 minuty"},"schema":{"@context":"https:\/\/schema.org","@graph":[{"@type":"WebPage","@id":"https:\/\/talja.pl\/index.php\/produkt\/lniana-bluzka\/","url":"https:\/\/talja.pl\/index.php\/produkt\/lniana-bluzka\/","name":"Lniana bluzka FREYA -kolory - www.talja.pl koszula lniana","isPartOf":{"@id":"https:\/\/talja.pl\/#website"},"primaryImageOfPage":{"@id":"https:\/\/talja.pl\/index.php\/produkt\/lniana-bluzka\/#primaryimage"},"image":{"@id":"https:\/\/talja.pl\/index.php\/produkt\/lniana-bluzka\/#primaryimage"},"thumbnailUrl":"https:\/\/talja.pl\/wp-content\/uploads\/2024\/04\/6I3A7234-scaled.jpg","datePublished":"2024-04-26T10:36:06+00:00","dateModified":"2026-03-05T16:56:16+00:00","description":"Szukasz basicowej bluzki, uszytej z wysokogatunkowej tkaniny lnianej z g\u0142\u0119bszym dekoltem na plecach pi\u0119knie eksponuj\u0105cym t\u0119 cz\u0119\u015b\u0107 cia\u0142a? To znalaz\u0142a\u015b! :)","breadcrumb":{"@id":"https:\/\/talja.pl\/index.php\/produkt\/lniana-bluzka\/#breadcrumb"},"inLanguage":"pl-PL","potentialAction":[{"@type":"ReadAction","target":["https:\/\/talja.pl\/index.php\/produkt\/lniana-bluzka\/"]}]},{"@type":"ImageObject","inLanguage":"pl-PL","@id":"https:\/\/talja.pl\/index.php\/produkt\/lniana-bluzka\/#primaryimage","url":"https:\/\/talja.pl\/wp-content\/uploads\/2024\/04\/6I3A7234-scaled.jpg","contentUrl":"https:\/\/talja.pl\/wp-content\/uploads\/2024\/04\/6I3A7234-scaled.jpg","width":1707,"height":2560,"caption":"lniany top lniana bluzka z dekoltem w szpic na plecach"},{"@type":"BreadcrumbList","@id":"https:\/\/talja.pl\/index.php\/produkt\/lniana-bluzka\/#breadcrumb","itemListElement":[{"@type":"ListItem","position":1,"name":"Strona g\u0142\u00f3wna","item":"https:\/\/talja.pl\/"},{"@type":"ListItem","position":2,"name":"talja.pl","item":"https:\/\/talja.pl\/index.php\/sklep\/"},{"@type":"ListItem","position":3,"name":"Lniana bluzka FREYA -kolory"}]},{"@type":"WebSite","@id":"https:\/\/talja.pl\/#website","url":"https:\/\/talja.pl\/","name":"www.talja.pl","description":"","publisher":{"@id":"https:\/\/talja.pl\/#organization"},"potentialAction":[{"@type":"SearchAction","target":{"@type":"EntryPoint","urlTemplate":"https:\/\/talja.pl\/?s={search_term_string}"},"query-input":{"@type":"PropertyValueSpecification","valueRequired":true,"valueName":"search_term_string"}}],"inLanguage":"pl-PL"},{"@type":"Organization","@id":"https:\/\/talja.pl\/#organization","name":"Talja","url":"https:\/\/talja.pl\/","logo":{"@type":"ImageObject","inLanguage":"pl-PL","@id":"https:\/\/talja.pl\/#\/schema\/logo\/image\/","url":"https:\/\/talja.pl\/wp-content\/uploads\/2019\/06\/baner-talja-2.jpg","contentUrl":"https:\/\/talja.pl\/wp-content\/uploads\/2019\/06\/baner-talja-2.jpg","width":1300,"height":300,"caption":"Talja"},"image":{"@id":"https:\/\/talja.pl\/#\/schema\/logo\/image\/"},"sameAs":["https:\/\/www.facebook.com\/Talja-418285408906660\/","https:\/\/x.com\/talja_pracownia","https:\/\/www.instagram.com\/talja_pracownia\/"]}]}},"_links":{"self":[{"href":"https:\/\/talja.pl\/index.php\/wp-json\/wp\/v2\/product\/10328","targetHints":{"allow":["GET"]}}],"collection":[{"href":"https:\/\/talja.pl\/index.php\/wp-json\/wp\/v2\/product"}],"about":[{"href":"https:\/\/talja.pl\/index.php\/wp-json\/wp\/v2\/types\/product"}],"replies":[{"embeddable":true,"href":"https:\/\/talja.pl\/index.php\/wp-json\/wp\/v2\/comments?post=10328"}],"version-history":[{"count":5,"href":"https:\/\/talja.pl\/index.php\/wp-json\/wp\/v2\/product\/10328\/revisions"}],"predecessor-version":[{"id":10392,"href":"https:\/\/talja.pl\/index.php\/wp-json\/wp\/v2\/product\/10328\/revisions\/10392"}],"wp:featuredmedia":[{"embeddable":true,"href":"https:\/\/talja.pl\/index.php\/wp-json\/wp\/v2\/media\/10335"}],"wp:attachment":[{"href":"https:\/\/talja.pl\/index.php\/wp-json\/wp\/v2\/media?parent=10328"}],"wp:term":[{"taxonomy":"product_brand","embeddable":true,"href":"https:\/\/talja.pl\/index.php\/wp-json\/wp\/v2\/product_brand?post=10328"},{"taxonomy":"product_cat","embeddable":true,"href":"https:\/\/talja.pl\/index.php\/wp-json\/wp\/v2\/product_cat?post=10328"},{"taxonomy":"product_tag","embeddable":true,"href":"https:\/\/talja.pl\/index.php\/wp-json\/wp\/v2\/product_tag?post=10328"}],"curies":[{"name":"wp","href":"https:\/\/api.w.org\/{rel}","templated":true}]}}