{"id":136,"date":"2025-06-13T20:50:00","date_gmt":"2025-06-13T18:50:00","guid":{"rendered":"http:\/\/talja.pl\/?post_type=product&#038;p=136"},"modified":"2026-05-01T11:51:31","modified_gmt":"2026-05-01T09:51:31","slug":"szal-lniany","status":"publish","type":"product","link":"https:\/\/talja.pl\/index.php\/produkt\/szal-lniany\/","title":{"rendered":"Lniany SZAL DU\u017bY"},"content":{"rendered":"<p>Wymiary :<\/p>\n<p>ok.195x70cm<\/p>\n<p>Uszyty w Polsce.<\/p>\n<p><em>Kurczliwo\u015b\u0107 ok 2%<\/em><\/p>\n","protected":false},"excerpt":{"rendered":"<p>Lekki niczym mgie\u0142ka szal uszyty z mi\u0119kkiego, kreszowanego lnu. Dzi\u0119ki swoim sporym gabarytom szal jest wielofunkcyjny. Otuli Twoj\u0105 szyj\u0119 kiedy wieje wiatr, ochroni Twe ramiona przed nadmiernym s\u0142o\u0144cem.\u00a0 Jego faktura wprost Ci\u0119 zauroczy. Niezast\u0105piony zar\u00f3wno na t\u0119 letni\u0105, jak i jesienn\u0105 aur\u0119, a opleciony wok\u00f3\u0142 szyi z pewno\u015bci\u0105 nie pozwoli jej zmarzn\u0105\u0107.<\/p>\n<p>Dost\u0119pny w a\u017c dwunastu pi\u0119knych kolorach. Wspania\u0142y pomys\u0142 na prezent dla bliskich.<\/p>\n<p>Lniany szal w wersji cieplejszej z grubej dzianiny lnianej znajdziesz<a href=\"https:\/\/talja.pl\/index.php\/produkt\/lniany-cieply-szal-kolory\/\"> tutaj.<\/a><\/p>\n<p>Sk\u0142ad : najwy\u017cszej jako\u015bci len 100%<\/p>\n<h5>Wysy\u0142ka w : do 48h<\/h5>\n","protected":false},"featured_media":14239,"comment_status":"open","ping_status":"closed","template":"","meta":[],"product_brand":[],"product_cat":[16,37,32],"product_tag":[25,23,24],"class_list":{"0":"post-136","1":"product","2":"type-product","3":"status-publish","4":"has-post-thumbnail","6":"product_cat-accessories","7":"product_cat-bestsellery","8":"product_cat-dostepne-od-reki","9":"product_tag-len","10":"product_tag-szal","11":"product_tag-szal-lniany","13":"entry","14":"has-media","16":"first","17":"instock","18":"taxable","19":"shipping-taxable","20":"purchasable","21":"product-type-variable","22":"wvs-archive-product-wrapper","23":"has-rating","24":"has-product-nav","25":"col","26":"span_1_of_4","27":"owp-content-center","28":"owp-thumbs-layout-horizontal","29":"owp-btn-big","30":"owp-tabs-layout-horizontal"},"yoast_head":"<!-- This site is optimized with the Yoast SEO plugin v27.0 - https:\/\/yoast.com\/product\/yoast-seo-wordpress\/ -->\n<title>Lniany SZAL DU\u017bY - www.talja.pl<\/title>\n<meta name=\"description\" content=\"Lniany szal. Lekki niczym mgie\u0142ka szal uszyty z mi\u0119kkiego, kreszowanego lnu. Dzi\u0119ki swoim sporym gabarytom szal jest wielofunkcyjny.\" \/>\n<meta name=\"robots\" content=\"index, follow, max-snippet:-1, max-image-preview:large, max-video-preview:-1\" \/>\n<link rel=\"canonical\" href=\"https:\/\/talja.pl\/index.php\/produkt\/szal-lniany\/\" \/>\n<meta property=\"og:locale\" content=\"pl_PL\" \/>\n<meta property=\"og:type\" content=\"article\" \/>\n<meta property=\"og:title\" content=\"Lniany SZAL DU\u017bY - www.talja.pl\" \/>\n<meta property=\"og:description\" content=\"Lniany szal. Lekki niczym mgie\u0142ka szal uszyty z mi\u0119kkiego, kreszowanego lnu. Dzi\u0119ki swoim sporym gabarytom szal jest wielofunkcyjny.\" \/>\n<meta property=\"og:url\" content=\"https:\/\/talja.pl\/index.php\/produkt\/szal-lniany\/\" \/>\n<meta property=\"og:site_name\" content=\"www.talja.pl\" \/>\n<meta property=\"article:publisher\" content=\"https:\/\/www.facebook.com\/Talja-418285408906660\/\" \/>\n<meta property=\"article:modified_time\" content=\"2026-05-01T09:51:31+00:00\" \/>\n<meta property=\"og:image\" content=\"https:\/\/talja.pl\/wp-content\/uploads\/2025\/06\/szal-lniany-e1758537553792.webp\" \/>\n\t<meta property=\"og:image:width\" content=\"1200\" \/>\n\t<meta property=\"og:image:height\" content=\"1788\" \/>\n\t<meta property=\"og:image:type\" content=\"image\/webp\" \/>\n<meta name=\"twitter:card\" content=\"summary_large_image\" \/>\n<meta name=\"twitter:site\" content=\"@talja_pracownia\" \/>\n<meta name=\"twitter:label1\" content=\"Szacowany czas czytania\" \/>\n\t<meta name=\"twitter:data1\" content=\"1 minuta\" \/>\n<script type=\"application\/ld+json\" class=\"yoast-schema-graph\">{\"@context\":\"https:\/\/schema.org\",\"@graph\":[{\"@type\":\"WebPage\",\"@id\":\"https:\/\/talja.pl\/index.php\/produkt\/szal-lniany\/\",\"url\":\"https:\/\/talja.pl\/index.php\/produkt\/szal-lniany\/\",\"name\":\"Lniany SZAL DU\u017bY - www.talja.pl\",\"isPartOf\":{\"@id\":\"https:\/\/talja.pl\/#website\"},\"primaryImageOfPage\":{\"@id\":\"https:\/\/talja.pl\/index.php\/produkt\/szal-lniany\/#primaryimage\"},\"image\":{\"@id\":\"https:\/\/talja.pl\/index.php\/produkt\/szal-lniany\/#primaryimage\"},\"thumbnailUrl\":\"https:\/\/talja.pl\/wp-content\/uploads\/2025\/06\/szal-lniany-e1758537553792.webp\",\"datePublished\":\"2025-06-13T18:50:00+00:00\",\"dateModified\":\"2026-05-01T09:51:31+00:00\",\"description\":\"Lniany szal. Lekki niczym mgie\u0142ka szal uszyty z mi\u0119kkiego, kreszowanego lnu. Dzi\u0119ki swoim sporym gabarytom szal jest wielofunkcyjny.\",\"breadcrumb\":{\"@id\":\"https:\/\/talja.pl\/index.php\/produkt\/szal-lniany\/#breadcrumb\"},\"inLanguage\":\"pl-PL\",\"potentialAction\":[{\"@type\":\"ReadAction\",\"target\":[\"https:\/\/talja.pl\/index.php\/produkt\/szal-lniany\/\"]}]},{\"@type\":\"ImageObject\",\"inLanguage\":\"pl-PL\",\"@id\":\"https:\/\/talja.pl\/index.php\/produkt\/szal-lniany\/#primaryimage\",\"url\":\"https:\/\/talja.pl\/wp-content\/uploads\/2025\/06\/szal-lniany-e1758537553792.webp\",\"contentUrl\":\"https:\/\/talja.pl\/wp-content\/uploads\/2025\/06\/szal-lniany-e1758537553792.webp\",\"width\":1200,\"height\":1788},{\"@type\":\"BreadcrumbList\",\"@id\":\"https:\/\/talja.pl\/index.php\/produkt\/szal-lniany\/#breadcrumb\",\"itemListElement\":[{\"@type\":\"ListItem\",\"position\":1,\"name\":\"Strona g\u0142\u00f3wna\",\"item\":\"https:\/\/talja.pl\/\"},{\"@type\":\"ListItem\",\"position\":2,\"name\":\"talja.pl\",\"item\":\"https:\/\/talja.pl\/index.php\/sklep\/\"},{\"@type\":\"ListItem\",\"position\":3,\"name\":\"Lniany SZAL DU\u017bY\"}]},{\"@type\":\"WebSite\",\"@id\":\"https:\/\/talja.pl\/#website\",\"url\":\"https:\/\/talja.pl\/\",\"name\":\"www.talja.pl\",\"description\":\"\",\"publisher\":{\"@id\":\"https:\/\/talja.pl\/#organization\"},\"potentialAction\":[{\"@type\":\"SearchAction\",\"target\":{\"@type\":\"EntryPoint\",\"urlTemplate\":\"https:\/\/talja.pl\/?s={search_term_string}\"},\"query-input\":{\"@type\":\"PropertyValueSpecification\",\"valueRequired\":true,\"valueName\":\"search_term_string\"}}],\"inLanguage\":\"pl-PL\"},{\"@type\":\"Organization\",\"@id\":\"https:\/\/talja.pl\/#organization\",\"name\":\"Talja\",\"url\":\"https:\/\/talja.pl\/\",\"logo\":{\"@type\":\"ImageObject\",\"inLanguage\":\"pl-PL\",\"@id\":\"https:\/\/talja.pl\/#\/schema\/logo\/image\/\",\"url\":\"https:\/\/talja.pl\/wp-content\/uploads\/2019\/06\/baner-talja-2.jpg\",\"contentUrl\":\"https:\/\/talja.pl\/wp-content\/uploads\/2019\/06\/baner-talja-2.jpg\",\"width\":1300,\"height\":300,\"caption\":\"Talja\"},\"image\":{\"@id\":\"https:\/\/talja.pl\/#\/schema\/logo\/image\/\"},\"sameAs\":[\"https:\/\/www.facebook.com\/Talja-418285408906660\/\",\"https:\/\/x.com\/talja_pracownia\",\"https:\/\/www.instagram.com\/talja_pracownia\/\"]}]}<\/script>\n<!-- \/ Yoast SEO plugin. -->","yoast_head_json":{"title":"Lniany SZAL DU\u017bY - www.talja.pl","description":"Lniany szal. Lekki niczym mgie\u0142ka szal uszyty z mi\u0119kkiego, kreszowanego lnu. Dzi\u0119ki swoim sporym gabarytom szal jest wielofunkcyjny.","robots":{"index":"index","follow":"follow","max-snippet":"max-snippet:-1","max-image-preview":"max-image-preview:large","max-video-preview":"max-video-preview:-1"},"canonical":"https:\/\/talja.pl\/index.php\/produkt\/szal-lniany\/","og_locale":"pl_PL","og_type":"article","og_title":"Lniany SZAL DU\u017bY - www.talja.pl","og_description":"Lniany szal. Lekki niczym mgie\u0142ka szal uszyty z mi\u0119kkiego, kreszowanego lnu. Dzi\u0119ki swoim sporym gabarytom szal jest wielofunkcyjny.","og_url":"https:\/\/talja.pl\/index.php\/produkt\/szal-lniany\/","og_site_name":"www.talja.pl","article_publisher":"https:\/\/www.facebook.com\/Talja-418285408906660\/","article_modified_time":"2026-05-01T09:51:31+00:00","og_image":[{"width":1200,"height":1788,"url":"https:\/\/talja.pl\/wp-content\/uploads\/2025\/06\/szal-lniany-e1758537553792.webp","type":"image\/webp"}],"twitter_card":"summary_large_image","twitter_site":"@talja_pracownia","twitter_misc":{"Szacowany czas czytania":"1 minuta"},"schema":{"@context":"https:\/\/schema.org","@graph":[{"@type":"WebPage","@id":"https:\/\/talja.pl\/index.php\/produkt\/szal-lniany\/","url":"https:\/\/talja.pl\/index.php\/produkt\/szal-lniany\/","name":"Lniany SZAL DU\u017bY - www.talja.pl","isPartOf":{"@id":"https:\/\/talja.pl\/#website"},"primaryImageOfPage":{"@id":"https:\/\/talja.pl\/index.php\/produkt\/szal-lniany\/#primaryimage"},"image":{"@id":"https:\/\/talja.pl\/index.php\/produkt\/szal-lniany\/#primaryimage"},"thumbnailUrl":"https:\/\/talja.pl\/wp-content\/uploads\/2025\/06\/szal-lniany-e1758537553792.webp","datePublished":"2025-06-13T18:50:00+00:00","dateModified":"2026-05-01T09:51:31+00:00","description":"Lniany szal. Lekki niczym mgie\u0142ka szal uszyty z mi\u0119kkiego, kreszowanego lnu. Dzi\u0119ki swoim sporym gabarytom szal jest wielofunkcyjny.","breadcrumb":{"@id":"https:\/\/talja.pl\/index.php\/produkt\/szal-lniany\/#breadcrumb"},"inLanguage":"pl-PL","potentialAction":[{"@type":"ReadAction","target":["https:\/\/talja.pl\/index.php\/produkt\/szal-lniany\/"]}]},{"@type":"ImageObject","inLanguage":"pl-PL","@id":"https:\/\/talja.pl\/index.php\/produkt\/szal-lniany\/#primaryimage","url":"https:\/\/talja.pl\/wp-content\/uploads\/2025\/06\/szal-lniany-e1758537553792.webp","contentUrl":"https:\/\/talja.pl\/wp-content\/uploads\/2025\/06\/szal-lniany-e1758537553792.webp","width":1200,"height":1788},{"@type":"BreadcrumbList","@id":"https:\/\/talja.pl\/index.php\/produkt\/szal-lniany\/#breadcrumb","itemListElement":[{"@type":"ListItem","position":1,"name":"Strona g\u0142\u00f3wna","item":"https:\/\/talja.pl\/"},{"@type":"ListItem","position":2,"name":"talja.pl","item":"https:\/\/talja.pl\/index.php\/sklep\/"},{"@type":"ListItem","position":3,"name":"Lniany SZAL DU\u017bY"}]},{"@type":"WebSite","@id":"https:\/\/talja.pl\/#website","url":"https:\/\/talja.pl\/","name":"www.talja.pl","description":"","publisher":{"@id":"https:\/\/talja.pl\/#organization"},"potentialAction":[{"@type":"SearchAction","target":{"@type":"EntryPoint","urlTemplate":"https:\/\/talja.pl\/?s={search_term_string}"},"query-input":{"@type":"PropertyValueSpecification","valueRequired":true,"valueName":"search_term_string"}}],"inLanguage":"pl-PL"},{"@type":"Organization","@id":"https:\/\/talja.pl\/#organization","name":"Talja","url":"https:\/\/talja.pl\/","logo":{"@type":"ImageObject","inLanguage":"pl-PL","@id":"https:\/\/talja.pl\/#\/schema\/logo\/image\/","url":"https:\/\/talja.pl\/wp-content\/uploads\/2019\/06\/baner-talja-2.jpg","contentUrl":"https:\/\/talja.pl\/wp-content\/uploads\/2019\/06\/baner-talja-2.jpg","width":1300,"height":300,"caption":"Talja"},"image":{"@id":"https:\/\/talja.pl\/#\/schema\/logo\/image\/"},"sameAs":["https:\/\/www.facebook.com\/Talja-418285408906660\/","https:\/\/x.com\/talja_pracownia","https:\/\/www.instagram.com\/talja_pracownia\/"]}]}},"_links":{"self":[{"href":"https:\/\/talja.pl\/index.php\/wp-json\/wp\/v2\/product\/136","targetHints":{"allow":["GET"]}}],"collection":[{"href":"https:\/\/talja.pl\/index.php\/wp-json\/wp\/v2\/product"}],"about":[{"href":"https:\/\/talja.pl\/index.php\/wp-json\/wp\/v2\/types\/product"}],"replies":[{"embeddable":true,"href":"https:\/\/talja.pl\/index.php\/wp-json\/wp\/v2\/comments?post=136"}],"version-history":[{"count":8,"href":"https:\/\/talja.pl\/index.php\/wp-json\/wp\/v2\/product\/136\/revisions"}],"predecessor-version":[{"id":4118,"href":"https:\/\/talja.pl\/index.php\/wp-json\/wp\/v2\/product\/136\/revisions\/4118"}],"wp:featuredmedia":[{"embeddable":true,"href":"https:\/\/talja.pl\/index.php\/wp-json\/wp\/v2\/media\/14239"}],"wp:attachment":[{"href":"https:\/\/talja.pl\/index.php\/wp-json\/wp\/v2\/media?parent=136"}],"wp:term":[{"taxonomy":"product_brand","embeddable":true,"href":"https:\/\/talja.pl\/index.php\/wp-json\/wp\/v2\/product_brand?post=136"},{"taxonomy":"product_cat","embeddable":true,"href":"https:\/\/talja.pl\/index.php\/wp-json\/wp\/v2\/product_cat?post=136"},{"taxonomy":"product_tag","embeddable":true,"href":"https:\/\/talja.pl\/index.php\/wp-json\/wp\/v2\/product_tag?post=136"}],"curies":[{"name":"wp","href":"https:\/\/api.w.org\/{rel}","templated":true}]}}

Lniany SZAL DUŻY

<p>Wymiary :</p>
<p>ok.195x70cm</p>
<p>Uszyty w Polsce.</p>
<p><em>Kurczliwość ok 2%</em></p>

<p>Lekki niczym mgiełka szal uszyty z miękkiego, kreszowanego lnu. Dzięki swoim sporym gabarytom szal jest wielofunkcyjny. Otuli Twoją szyję kiedy wieje wiatr, ochroni Twe ramiona przed nadmiernym słońcem.  Jego faktura wprost Cię zauroczy. Niezastąpiony zarówno na tę letnią, jak i jesienną aurę, a opleciony wokół szyi z pewnością nie pozwoli jej zmarznąć.</p>
<p>Dostępny w aż dwunastu pięknych kolorach. Wspaniały pomysł na prezent dla bliskich.</p>
<p>Lniany szal w wersji cieplejszej z grubej dzianiny lnianej znajdziesz<a href="https://talja.pl/index.php/produkt/lniany-cieply-szal-kolory/"> tutaj.</a></p>
<p>Skład : najwyższej jakości len 100%</p>
<h5>Wysyłka w : do 48h</h5>

<!-- This site is optimized with the Yoast SEO plugin v27.0 - https://yoast.com/product/yoast-seo-wordpress/ -->
<title>Lniany SZAL DUŻY - www.talja.pl</title>
<meta name="description" content="Lniany szal. Lekki niczym mgiełka szal uszyty z miękkiego, kreszowanego lnu. Dzięki swoim sporym gabarytom szal jest wielofunkcyjny." />
<meta name="robots" content="index, follow, max-snippet:-1, max-image-preview:large, max-video-preview:-1" />
<link rel="canonical" href="https://talja.pl/index.php/produkt/szal-lniany/" />
<meta property="og:locale" content="pl_PL" />
<meta property="og:type" content="article" />
<meta property="og:title" content="Lniany SZAL DUŻY - www.talja.pl" />
<meta property="og:description" content="Lniany szal. Lekki niczym mgiełka szal uszyty z miękkiego, kreszowanego lnu. Dzięki swoim sporym gabarytom szal jest wielofunkcyjny." />
<meta property="og:url" content="https://talja.pl/index.php/produkt/szal-lniany/" />
<meta property="og:site_name" content="www.talja.pl" />
<meta property="article:publisher" content="https://www.facebook.com/Talja-418285408906660/" />
<meta property="article:modified_time" content="2026-05-01T09:51:31+00:00" />
<meta property="og:image" content="https://talja.pl/wp-content/uploads/2025/06/szal-lniany-e1758537553792.webp" />
	<meta property="og:image:width" content="1200" />
	<meta property="og:image:height" content="1788" />
	<meta property="og:image:type" content="image/webp" />
<meta name="twitter:card" content="summary_large_image" />
<meta name="twitter:site" content="@talja_pracownia" />
<meta name="twitter:label1" content="Szacowany czas czytania" />
	<meta name="twitter:data1" content="1 minuta" />
<script type="application/ld+json" class="yoast-schema-graph">{"@context":"https://schema.org","@graph":[{"@type":"WebPage","@id":"https://talja.pl/index.php/produkt/szal-lniany/","url":"https://talja.pl/index.php/produkt/szal-lniany/","name":"Lniany SZAL DUŻY - www.talja.pl","isPartOf":{"@id":"https://talja.pl/#website"},"primaryImageOfPage":{"@id":"https://talja.pl/index.php/produkt/szal-lniany/#primaryimage"},"image":{"@id":"https://talja.pl/index.php/produkt/szal-lniany/#primaryimage"},"thumbnailUrl":"https://talja.pl/wp-content/uploads/2025/06/szal-lniany-e1758537553792.webp","datePublished":"2025-06-13T18:50:00+00:00","dateModified":"2026-05-01T09:51:31+00:00","description":"Lniany szal. Lekki niczym mgiełka szal uszyty z miękkiego, kreszowanego lnu. Dzięki swoim sporym gabarytom szal jest wielofunkcyjny.","breadcrumb":{"@id":"https://talja.pl/index.php/produkt/szal-lniany/#breadcrumb"},"inLanguage":"pl-PL","potentialAction":[{"@type":"ReadAction","target":["https://talja.pl/index.php/produkt/szal-lniany/"]}]},{"@type":"ImageObject","inLanguage":"pl-PL","@id":"https://talja.pl/index.php/produkt/szal-lniany/#primaryimage","url":"https://talja.pl/wp-content/uploads/2025/06/szal-lniany-e1758537553792.webp","contentUrl":"https://talja.pl/wp-content/uploads/2025/06/szal-lniany-e1758537553792.webp","width":1200,"height":1788},{"@type":"BreadcrumbList","@id":"https://talja.pl/index.php/produkt/szal-lniany/#breadcrumb","itemListElement":[{"@type":"ListItem","position":1,"name":"Strona główna","item":"https://talja.pl/"},{"@type":"ListItem","position":2,"name":"talja.pl","item":"https://talja.pl/index.php/sklep/"},{"@type":"ListItem","position":3,"name":"Lniany SZAL DUŻY"}]},{"@type":"WebSite","@id":"https://talja.pl/#website","url":"https://talja.pl/","name":"www.talja.pl","description":"","publisher":{"@id":"https://talja.pl/#organization"},"potentialAction":[{"@type":"SearchAction","target":{"@type":"EntryPoint","urlTemplate":"https://talja.pl/?s={search_term_string}"},"query-input":{"@type":"PropertyValueSpecification","valueRequired":true,"valueName":"search_term_string"}}],"inLanguage":"pl-PL"},{"@type":"Organization","@id":"https://talja.pl/#organization","name":"Talja","url":"https://talja.pl/","logo":{"@type":"ImageObject","inLanguage":"pl-PL","@id":"https://talja.pl/#/schema/logo/image/","url":"https://talja.pl/wp-content/uploads/2019/06/baner-talja-2.jpg","contentUrl":"https://talja.pl/wp-content/uploads/2019/06/baner-talja-2.jpg","width":1300,"height":300,"caption":"Talja"},"image":{"@id":"https://talja.pl/#/schema/logo/image/"},"sameAs":["https://www.facebook.com/Talja-418285408906660/","https://x.com/talja_pracownia","https://www.instagram.com/talja_pracownia/"]}]}</script>
<!-- / Yoast SEO plugin. -->

Lniany SZAL DUŻY - www.talja.pl

Lniany szal. Lekki niczym mgiełka szal uszyty z miękkiego, kreszowanego lnu. Dzięki swoim sporym gabarytom szal jest wielofunkcyjny.

Strona główna
