{"id":2761,"date":"2021-12-23T00:01:00","date_gmt":"2021-12-22T23:01:00","guid":{"rendered":"https:\/\/talja.pl\/?post_type=product&#038;p=2761"},"modified":"2025-12-01T23:06:42","modified_gmt":"2025-12-01T22:06:42","slug":"lniana-gumka-do-wlosow","status":"publish","type":"product","link":"https:\/\/talja.pl\/index.php\/produkt\/lniana-gumka-do-wlosow\/","title":{"rendered":"Lniana GUMKA do w\u0142os\u00f3w &#8211; kolory"},"content":{"rendered":"","protected":false},"excerpt":{"rendered":"<p>Lniane gumki do w\u0142os\u00f3w w kolorach takich samych, jak Twoje sukienki.<\/p>\n<p>W naszej pracowni nic si\u0119 nie zmarnuje &#8211; gumki szyjemy ze skrawk\u00f3w tkanin pozosta\u0142ych po uszyciu sukienek i sp\u00f3dnic .<\/p>\n<p>\u017byj w zgodzie z natur\u0105 i ozdabiaj swoje w\u0142osy gumkami, kt\u00f3re lubi nasza planeta.<\/p>\n<p>Uszyte w Polsce.<\/p>\n<h5>Wysy\u0142ka w : do 4 dni roboczych<\/h5>\n<p>&nbsp;<\/p>\n","protected":false},"featured_media":6791,"comment_status":"open","ping_status":"closed","template":"","meta":[],"product_brand":[],"product_cat":[16,37,32],"product_tag":[36,25],"class_list":{"0":"post-2761","1":"product","2":"type-product","3":"status-publish","4":"has-post-thumbnail","6":"product_cat-accessories","7":"product_cat-bestsellery","8":"product_cat-dostepne-od-reki","9":"product_tag-gumka-do-wlosow","10":"product_tag-len","11":"pa_kolor-koktajl-truskawkowy-150g-m2","12":"pa_kolor-malina","13":"pa_kolor-liliowy-170g-m2","14":"pa_kolor-pochmurne-niebo-170g-m2","15":"pa_kolor-zielen-trawiasta-170g-m2","16":"pa_kolor-czerwone-wino-150g-m2","17":"pa_kolor-sliwka-170g-m2","18":"pa_kolor-mleczna-czekolada-170g-m2","19":"pa_kolor-letnie-niebo-150g-m2","20":"pa_kolor-biel-170g-m2","21":"pa_kolor-paski-150g-m2-len-100","22":"pa_kolor-naturalny-150g-m2","23":"pa_kolor-fuksja","24":"pa_kolor-morelowy","25":"pa_kolor-chabrowy-150g-m2","26":"pa_kolor-karmel-170-g-m2","27":"pa_kolor-baby-blue-150g-m2","28":"pa_kolor-pudrowy-roz-150g-m2","29":"pa_kolor-arbuz-150g-m2","30":"pa_kolor-pudrowy-szary-170g-m2","31":"pa_kolor-cegla-150g-m2","32":"pa_kolor-ciemna-zielen-150g-m2","33":"pa_kolor-ciemny-niebieski-170g-m2","34":"pa_kolor-cynamon-150g-m2","35":"pa_kolor-czern-150g-m2","36":"pa_kolor-eukaliptus-150g-m2","37":"pa_kolor-khaki-150g-m2","38":"pa_kolor-melon-150g-m2","39":"pa_kolor-wrszos-150g-m2","40":"pa_kolor-stalowo-szary-170g-m2","41":"pa_kolor-wisnia-150g-m2","43":"entry","44":"has-media","46":"first","47":"instock","48":"taxable","49":"shipping-taxable","50":"purchasable","51":"product-type-variable","52":"wvs-archive-product-wrapper","53":"has-product-nav","54":"col","55":"span_1_of_4","56":"owp-content-center","57":"owp-thumbs-layout-horizontal","58":"owp-btn-big","59":"owp-tabs-layout-horizontal"},"yoast_head":"<!-- This site is optimized with the Yoast SEO plugin v27.0 - https:\/\/yoast.com\/product\/yoast-seo-wordpress\/ -->\n<title>Lniana GUMKA do w\u0142os\u00f3w - kolory - www.talja.pl<\/title>\n<meta name=\"robots\" content=\"index, follow, max-snippet:-1, max-image-preview:large, max-video-preview:-1\" \/>\n<link rel=\"canonical\" href=\"https:\/\/talja.pl\/index.php\/produkt\/lniana-gumka-do-wlosow\/\" \/>\n<meta property=\"og:locale\" content=\"pl_PL\" \/>\n<meta property=\"og:type\" content=\"article\" \/>\n<meta property=\"og:title\" content=\"Lniana GUMKA do w\u0142os\u00f3w - kolory - www.talja.pl\" \/>\n<meta property=\"og:description\" content=\"Lniane gumki do w\u0142os\u00f3w w kolorach takich samych, jak Twoje sukienki.  W naszej pracowni nic si\u0119 nie zmarnuje - gumki szyjemy ze skrawk\u00f3w tkanin pozosta\u0142ych po uszyciu sukienek i sp\u00f3dnic .  \u017byj w zgodzie z natur\u0105 i ozdabiaj swoje w\u0142osy gumkami, kt\u00f3re lubi nasza planeta.  Uszyte w Polsce. Wysy\u0142ka w : do 4 dni roboczych &nbsp;\" \/>\n<meta property=\"og:url\" content=\"https:\/\/talja.pl\/index.php\/produkt\/lniana-gumka-do-wlosow\/\" \/>\n<meta property=\"og:site_name\" content=\"www.talja.pl\" \/>\n<meta property=\"article:publisher\" content=\"https:\/\/www.facebook.com\/Talja-418285408906660\/\" \/>\n<meta property=\"article:modified_time\" content=\"2025-12-01T22:06:42+00:00\" \/>\n<meta property=\"og:image\" content=\"https:\/\/talja.pl\/wp-content\/uploads\/2022\/08\/gumka-lniana.jpeg\" \/>\n\t<meta property=\"og:image:width\" content=\"875\" \/>\n\t<meta property=\"og:image:height\" content=\"1297\" \/>\n\t<meta property=\"og:image:type\" content=\"image\/jpeg\" \/>\n<meta name=\"twitter:card\" content=\"summary_large_image\" \/>\n<meta name=\"twitter:site\" content=\"@talja_pracownia\" \/>\n<meta name=\"twitter:label1\" content=\"Szacowany czas czytania\" \/>\n\t<meta name=\"twitter:data1\" content=\"1 minuta\" \/>\n<script type=\"application\/ld+json\" class=\"yoast-schema-graph\">{\"@context\":\"https:\/\/schema.org\",\"@graph\":[{\"@type\":\"WebPage\",\"@id\":\"https:\/\/talja.pl\/index.php\/produkt\/lniana-gumka-do-wlosow\/\",\"url\":\"https:\/\/talja.pl\/index.php\/produkt\/lniana-gumka-do-wlosow\/\",\"name\":\"Lniana GUMKA do w\u0142os\u00f3w - kolory - www.talja.pl\",\"isPartOf\":{\"@id\":\"https:\/\/talja.pl\/#website\"},\"primaryImageOfPage\":{\"@id\":\"https:\/\/talja.pl\/index.php\/produkt\/lniana-gumka-do-wlosow\/#primaryimage\"},\"image\":{\"@id\":\"https:\/\/talja.pl\/index.php\/produkt\/lniana-gumka-do-wlosow\/#primaryimage\"},\"thumbnailUrl\":\"https:\/\/talja.pl\/wp-content\/uploads\/2022\/08\/gumka-lniana.jpeg\",\"datePublished\":\"2021-12-22T23:01:00+00:00\",\"dateModified\":\"2025-12-01T22:06:42+00:00\",\"breadcrumb\":{\"@id\":\"https:\/\/talja.pl\/index.php\/produkt\/lniana-gumka-do-wlosow\/#breadcrumb\"},\"inLanguage\":\"pl-PL\",\"potentialAction\":[{\"@type\":\"ReadAction\",\"target\":[\"https:\/\/talja.pl\/index.php\/produkt\/lniana-gumka-do-wlosow\/\"]}]},{\"@type\":\"ImageObject\",\"inLanguage\":\"pl-PL\",\"@id\":\"https:\/\/talja.pl\/index.php\/produkt\/lniana-gumka-do-wlosow\/#primaryimage\",\"url\":\"https:\/\/talja.pl\/wp-content\/uploads\/2022\/08\/gumka-lniana.jpeg\",\"contentUrl\":\"https:\/\/talja.pl\/wp-content\/uploads\/2022\/08\/gumka-lniana.jpeg\",\"width\":875,\"height\":1297,\"caption\":\"gumka lniana\"},{\"@type\":\"BreadcrumbList\",\"@id\":\"https:\/\/talja.pl\/index.php\/produkt\/lniana-gumka-do-wlosow\/#breadcrumb\",\"itemListElement\":[{\"@type\":\"ListItem\",\"position\":1,\"name\":\"Strona g\u0142\u00f3wna\",\"item\":\"https:\/\/talja.pl\/\"},{\"@type\":\"ListItem\",\"position\":2,\"name\":\"talja.pl\",\"item\":\"https:\/\/talja.pl\/index.php\/sklep\/\"},{\"@type\":\"ListItem\",\"position\":3,\"name\":\"Lniana GUMKA do w\u0142os\u00f3w &#8211; kolory\"}]},{\"@type\":\"WebSite\",\"@id\":\"https:\/\/talja.pl\/#website\",\"url\":\"https:\/\/talja.pl\/\",\"name\":\"www.talja.pl\",\"description\":\"\",\"publisher\":{\"@id\":\"https:\/\/talja.pl\/#organization\"},\"potentialAction\":[{\"@type\":\"SearchAction\",\"target\":{\"@type\":\"EntryPoint\",\"urlTemplate\":\"https:\/\/talja.pl\/?s={search_term_string}\"},\"query-input\":{\"@type\":\"PropertyValueSpecification\",\"valueRequired\":true,\"valueName\":\"search_term_string\"}}],\"inLanguage\":\"pl-PL\"},{\"@type\":\"Organization\",\"@id\":\"https:\/\/talja.pl\/#organization\",\"name\":\"Talja\",\"url\":\"https:\/\/talja.pl\/\",\"logo\":{\"@type\":\"ImageObject\",\"inLanguage\":\"pl-PL\",\"@id\":\"https:\/\/talja.pl\/#\/schema\/logo\/image\/\",\"url\":\"https:\/\/talja.pl\/wp-content\/uploads\/2019\/06\/baner-talja-2.jpg\",\"contentUrl\":\"https:\/\/talja.pl\/wp-content\/uploads\/2019\/06\/baner-talja-2.jpg\",\"width\":1300,\"height\":300,\"caption\":\"Talja\"},\"image\":{\"@id\":\"https:\/\/talja.pl\/#\/schema\/logo\/image\/\"},\"sameAs\":[\"https:\/\/www.facebook.com\/Talja-418285408906660\/\",\"https:\/\/x.com\/talja_pracownia\",\"https:\/\/www.instagram.com\/talja_pracownia\/\"]}]}<\/script>\n<!-- \/ Yoast SEO plugin. -->","yoast_head_json":{"title":"Lniana GUMKA do w\u0142os\u00f3w - kolory - www.talja.pl","robots":{"index":"index","follow":"follow","max-snippet":"max-snippet:-1","max-image-preview":"max-image-preview:large","max-video-preview":"max-video-preview:-1"},"canonical":"https:\/\/talja.pl\/index.php\/produkt\/lniana-gumka-do-wlosow\/","og_locale":"pl_PL","og_type":"article","og_title":"Lniana GUMKA do w\u0142os\u00f3w - kolory - www.talja.pl","og_description":"Lniane gumki do w\u0142os\u00f3w w kolorach takich samych, jak Twoje sukienki.  W naszej pracowni nic si\u0119 nie zmarnuje - gumki szyjemy ze skrawk\u00f3w tkanin pozosta\u0142ych po uszyciu sukienek i sp\u00f3dnic .  \u017byj w zgodzie z natur\u0105 i ozdabiaj swoje w\u0142osy gumkami, kt\u00f3re lubi nasza planeta.  Uszyte w Polsce. Wysy\u0142ka w : do 4 dni roboczych &nbsp;","og_url":"https:\/\/talja.pl\/index.php\/produkt\/lniana-gumka-do-wlosow\/","og_site_name":"www.talja.pl","article_publisher":"https:\/\/www.facebook.com\/Talja-418285408906660\/","article_modified_time":"2025-12-01T22:06:42+00:00","og_image":[{"width":875,"height":1297,"url":"https:\/\/talja.pl\/wp-content\/uploads\/2022\/08\/gumka-lniana.jpeg","type":"image\/jpeg"}],"twitter_card":"summary_large_image","twitter_site":"@talja_pracownia","twitter_misc":{"Szacowany czas czytania":"1 minuta"},"schema":{"@context":"https:\/\/schema.org","@graph":[{"@type":"WebPage","@id":"https:\/\/talja.pl\/index.php\/produkt\/lniana-gumka-do-wlosow\/","url":"https:\/\/talja.pl\/index.php\/produkt\/lniana-gumka-do-wlosow\/","name":"Lniana GUMKA do w\u0142os\u00f3w - kolory - www.talja.pl","isPartOf":{"@id":"https:\/\/talja.pl\/#website"},"primaryImageOfPage":{"@id":"https:\/\/talja.pl\/index.php\/produkt\/lniana-gumka-do-wlosow\/#primaryimage"},"image":{"@id":"https:\/\/talja.pl\/index.php\/produkt\/lniana-gumka-do-wlosow\/#primaryimage"},"thumbnailUrl":"https:\/\/talja.pl\/wp-content\/uploads\/2022\/08\/gumka-lniana.jpeg","datePublished":"2021-12-22T23:01:00+00:00","dateModified":"2025-12-01T22:06:42+00:00","breadcrumb":{"@id":"https:\/\/talja.pl\/index.php\/produkt\/lniana-gumka-do-wlosow\/#breadcrumb"},"inLanguage":"pl-PL","potentialAction":[{"@type":"ReadAction","target":["https:\/\/talja.pl\/index.php\/produkt\/lniana-gumka-do-wlosow\/"]}]},{"@type":"ImageObject","inLanguage":"pl-PL","@id":"https:\/\/talja.pl\/index.php\/produkt\/lniana-gumka-do-wlosow\/#primaryimage","url":"https:\/\/talja.pl\/wp-content\/uploads\/2022\/08\/gumka-lniana.jpeg","contentUrl":"https:\/\/talja.pl\/wp-content\/uploads\/2022\/08\/gumka-lniana.jpeg","width":875,"height":1297,"caption":"gumka lniana"},{"@type":"BreadcrumbList","@id":"https:\/\/talja.pl\/index.php\/produkt\/lniana-gumka-do-wlosow\/#breadcrumb","itemListElement":[{"@type":"ListItem","position":1,"name":"Strona g\u0142\u00f3wna","item":"https:\/\/talja.pl\/"},{"@type":"ListItem","position":2,"name":"talja.pl","item":"https:\/\/talja.pl\/index.php\/sklep\/"},{"@type":"ListItem","position":3,"name":"Lniana GUMKA do w\u0142os\u00f3w &#8211; kolory"}]},{"@type":"WebSite","@id":"https:\/\/talja.pl\/#website","url":"https:\/\/talja.pl\/","name":"www.talja.pl","description":"","publisher":{"@id":"https:\/\/talja.pl\/#organization"},"potentialAction":[{"@type":"SearchAction","target":{"@type":"EntryPoint","urlTemplate":"https:\/\/talja.pl\/?s={search_term_string}"},"query-input":{"@type":"PropertyValueSpecification","valueRequired":true,"valueName":"search_term_string"}}],"inLanguage":"pl-PL"},{"@type":"Organization","@id":"https:\/\/talja.pl\/#organization","name":"Talja","url":"https:\/\/talja.pl\/","logo":{"@type":"ImageObject","inLanguage":"pl-PL","@id":"https:\/\/talja.pl\/#\/schema\/logo\/image\/","url":"https:\/\/talja.pl\/wp-content\/uploads\/2019\/06\/baner-talja-2.jpg","contentUrl":"https:\/\/talja.pl\/wp-content\/uploads\/2019\/06\/baner-talja-2.jpg","width":1300,"height":300,"caption":"Talja"},"image":{"@id":"https:\/\/talja.pl\/#\/schema\/logo\/image\/"},"sameAs":["https:\/\/www.facebook.com\/Talja-418285408906660\/","https:\/\/x.com\/talja_pracownia","https:\/\/www.instagram.com\/talja_pracownia\/"]}]}},"_links":{"self":[{"href":"https:\/\/talja.pl\/index.php\/wp-json\/wp\/v2\/product\/2761","targetHints":{"allow":["GET"]}}],"collection":[{"href":"https:\/\/talja.pl\/index.php\/wp-json\/wp\/v2\/product"}],"about":[{"href":"https:\/\/talja.pl\/index.php\/wp-json\/wp\/v2\/types\/product"}],"replies":[{"embeddable":true,"href":"https:\/\/talja.pl\/index.php\/wp-json\/wp\/v2\/comments?post=2761"}],"version-history":[{"count":1,"href":"https:\/\/talja.pl\/index.php\/wp-json\/wp\/v2\/product\/2761\/revisions"}],"predecessor-version":[{"id":6299,"href":"https:\/\/talja.pl\/index.php\/wp-json\/wp\/v2\/product\/2761\/revisions\/6299"}],"wp:featuredmedia":[{"embeddable":true,"href":"https:\/\/talja.pl\/index.php\/wp-json\/wp\/v2\/media\/6791"}],"wp:attachment":[{"href":"https:\/\/talja.pl\/index.php\/wp-json\/wp\/v2\/media?parent=2761"}],"wp:term":[{"taxonomy":"product_brand","embeddable":true,"href":"https:\/\/talja.pl\/index.php\/wp-json\/wp\/v2\/product_brand?post=2761"},{"taxonomy":"product_cat","embeddable":true,"href":"https:\/\/talja.pl\/index.php\/wp-json\/wp\/v2\/product_cat?post=2761"},{"taxonomy":"product_tag","embeddable":true,"href":"https:\/\/talja.pl\/index.php\/wp-json\/wp\/v2\/product_tag?post=2761"}],"curies":[{"name":"wp","href":"https:\/\/api.w.org\/{rel}","templated":true}]}}