{"id":7644,"date":"2024-09-07T10:51:06","date_gmt":"2024-09-07T08:51:06","guid":{"rendered":"https:\/\/talja.pl\/?post_type=product&#038;p=7644"},"modified":"2026-03-05T17:11:20","modified_gmt":"2026-03-05T16:11:20","slug":"lniana-spodnica-z-guzikami-kolory","status":"publish","type":"product","link":"https:\/\/talja.pl\/index.php\/produkt\/lniana-spodnica-z-guzikami-kolory\/","title":{"rendered":"Lniana sp\u00f3dnica z guzikami"},"content":{"rendered":"<h4><strong>Sp\u00f3dnica z guzikami<br \/>\n<\/strong><\/h4>\n<p>Lniana sp\u00f3dnica z guzikami to kwintesencja wygody w klasycznym wydaniu. Sp\u00f3dnica ma wszyt\u0105 w tylnej cz\u0119\u015bci gum\u0119, dzi\u0119ki jest niezwykle komfortowa w noszeniu. Mo\u017cesz j\u0105 stylizowa\u0107 na wiele sposob\u00f3w : romantycznie z sanda\u0142kami; miejsko z bia\u0142ymi sneakersami, pla\u017cowo z klapkami. Za\u0142\u00f3\u017c do niej wygodny lniany top (<a href=\"https:\/\/talja.pl\/index.php\/produkt\/lniany-top-kolory\/\"> klik<\/a>), lub prosty t-shirt i no\u015b si\u0119 tak, jak lubisz!<\/p>\n<h4><strong>Za co j\u0105 pokochasz?\u00a0<\/strong><\/h4>\n<ul>\n<li>za mo\u017cliwo\u015b\u0107 uszycia jej\u00a0<strong>w jednym z ponad 20 dost\u0119pnych kolor\u00f3w ln\u00f3w ( 100%len &#8211; zmi\u0119kczany)\u00a0<\/strong><\/li>\n<li>ponadczasowy fason<\/li>\n<li>kieszenie na podr\u0119czne skarby<\/li>\n<li>niezaprzeczalna wygodna \u2013 elastyczna guma w talii ukryta w tylnej cz\u0119\u015bci paska,a wi\u0119c dodatkowa porcja serniczka niestraszna!<\/li>\n<li>ozdobne guziki kokosowe ( sp\u00f3dnica nie jest rozpinana &#8211; guziki stanowi\u0105 jedynie ozdob\u0119)<\/li>\n<li>a\u017c trzy d\u0142ugo\u015bci do wyboru :MINI (53cm) REGULAR ( 65 cm ) oraz MIDI (77 cm od talii)<\/li>\n<li>uszycie z dba\u0142o\u015bci\u0105 w niewielkiej manufakturze w Szczecinie<\/li>\n<\/ul>\n<h4><strong>Rozmiar\u00a0<\/strong><\/h4>\n<p><img fetchpriority=\"high\" decoding=\"async\" class=\"alignnone wp-image-7734 size-full\" src=\"https:\/\/talja.pl\/wp-content\/uploads\/2023\/04\/Spodnica-z-guzikami-ost.png\" alt=\"\" width=\"882\" height=\"191\" srcset=\"https:\/\/talja.pl\/wp-content\/uploads\/2023\/04\/Spodnica-z-guzikami-ost.png 882w, https:\/\/talja.pl\/wp-content\/uploads\/2023\/04\/Spodnica-z-guzikami-ost-300x65.png 300w, https:\/\/talja.pl\/wp-content\/uploads\/2023\/04\/Spodnica-z-guzikami-ost-768x166.png 768w\" sizes=\"(max-width: 882px) 100vw, 882px\" \/><\/p>\n<p>Natalia (173cm ) prezentuje sp\u00f3dnic\u0119 w rozmiarze S, kolor &#8220;wrzos &#8221; -d\u0142ugo\u015bci MIDI. Je\u015bli chcesz dowiedzie\u0107 si\u0119 wi\u0119cej o kolorach z jakich szyjemy w pracowni &#8211; zerknij<a href=\"https:\/\/talja.pl\/index.php\/kolory-lnow\/\"> tutaj<\/a> .<\/p>\n<p>Je\u015bli masz problem z doborem rozmiaru, czy koloru lnu &#8211; napisz do nas na kontakt@talja.pl \u2013 ch\u0119tnie pomo\u017cemy!<\/p>\n<p class=\"responsive-video-wrap clr\"><iframe title=\"Lniana sp\u00f3dnica z guzikami\" width=\"1200\" height=\"675\" src=\"https:\/\/www.youtube.com\/embed\/DBpigx2H72E?feature=oembed\" frameborder=\"0\" allow=\"accelerometer; autoplay; clipboard-write; encrypted-media; gyroscope; picture-in-picture; web-share\" referrerpolicy=\"strict-origin-when-cross-origin\" allowfullscreen><\/iframe><\/p>\n<p><img decoding=\"async\" class=\"wp-image-5333 size-medium aligncenter\" src=\"https:\/\/talja.pl\/wp-content\/uploads\/2022\/04\/Certyfikat-Oeko-Tex-standard-100-300x119.png\" alt=\"\" width=\"300\" height=\"119\" \/><\/p>\n<p>Wszystkie nasze lny s\u0105 produkcji polskiej oraz spe\u0142niaj\u0105 wymogi\u00a0 norm\u00a0<strong>OEKO TEX \u2013 Standard 100<\/strong>, co oznacza, \u017ce zosta\u0142y przebadane i nie zawieraj\u0105 \u015brodk\u00f3w szkodliwych zar\u00f3wno dla cz\u0142owieka jak i \u015brodowiska. Dodatkowo s\u0105 cudownie zmi\u0119kczane, a ten fakt z pewno\u015bci\u0105 doceni Twoja sk\u00f3ra.<\/p>\n<h4><strong>Piel\u0119gnacja\u00a0<\/strong><\/h4>\n<p>Ubrania z lnu traktuj delikatnie. Nie wybielaj, pierz w 30 stopniach, odwirowuj w pralce na ni\u017cszych obrotach i prasuj max w 150st. Dbaj o nie a b\u0119d\u0105 Ci wdzi\u0119czne.<\/p>\n<h4><strong>Personalizacja<\/strong><\/h4>\n<p>Je\u015bli marzysz o wprowadzeniu pewnych zmian do sp\u00f3dnicy-\u00a0 wystarczy \u017ce wykupisz dodatkow\u0105 opcj\u0119<a href=\"https:\/\/talja.pl\/index.php\/produkt\/personalizacja\/\">\u00a0<strong>\u201d PERSONALIZACJA \u201e<\/strong><\/a>. Dzi\u0119ki tej opcji Twoja sp\u00f3dnica zyska niepowtarzalno\u015b\u0107 i indywidualny charakter. Mo\u017cesz bowiem zmieni\u0107 jej d\u0142ugo\u015b\u0107 lub doda\u0107 falbank\u0119. Je\u015bli masz jeszcze inny pomys\u0142 na zmodyfikowanie sp\u00f3dnicy, a nie znajdujesz go w opcji \u201d Personalizacja\u201d skontaktuj si\u0119 z nami\u00a0 mailowo : kontakt@talja.pl . Razem z pewno\u015bci\u0105 wyczarujemy sp\u00f3dnic\u0119 Twoich marze\u0144!<\/p>\n<p>&nbsp;<\/p>\n","protected":false},"excerpt":{"rendered":"<h4><strong>Sk\u0142ad : Len 100% , polskiej produkcji<\/strong><\/h4>\n<p><strong>Sp\u00f3dnica dost\u0119pna jest w r\u00f3\u017cnych wersjach kolorystycznych oraz trzech d\u0142ugo\u015bciach do wyboru!<br \/>\n<\/strong><\/p>\n<p><em>Wysy\u0142ka w : 5-14 dni roboczych . Pami\u0119taj : wszystkie nasze sukienki szyte s\u0105 przez nas dopiero po z\u0142o\u017ceniu zam\u00f3wienia. Pozw\u00f3l nam na precyzyjn\u0105 realizacj\u0119 Twojego zam\u00f3wienia<\/em>.<\/p>\n","protected":false},"featured_media":7646,"comment_status":"open","ping_status":"closed","template":"","meta":[],"product_brand":[],"product_cat":[45,21],"product_tag":[25,29],"class_list":{"0":"post-7644","1":"product","2":"type-product","3":"status-publish","4":"has-post-thumbnail","6":"product_cat-produkty-na-zamowienie","7":"product_cat-spodnice","8":"product_tag-len","9":"product_tag-spodnica","10":"pa_kolor-kratka-vichy-len-100","11":"pa_kolor-koktajl-truskawkowy-150g-m2","12":"pa_kolor-malina","13":"pa_kolor-liliowy-170g-m2","14":"pa_kolor-pochmurne-niebo-170g-m2","15":"pa_kolor-zielen-trawiasta-170g-m2","16":"pa_kolor-czerwone-wino-150g-m2","17":"pa_kolor-sliwka-170g-m2","18":"pa_kolor-mleczna-czekolada-170g-m2","19":"pa_kolor-letnie-niebo-150g-m2","20":"pa_kolor-biel-170g-m2","21":"pa_kolor-paski-150g-m2-len-100","22":"pa_kolor-naturalny-150g-m2","23":"pa_kolor-fuksja","24":"pa_kolor-morelowy","25":"pa_kolor-chabrowy-150g-m2","26":"pa_kolor-karmel-170-g-m2","27":"pa_kolor-baby-blue-150g-m2","28":"pa_kolor-pudrowy-roz-150g-m2","29":"pa_kolor-arbuz-150g-m2","30":"pa_kolor-pudrowy-szary-170g-m2","31":"pa_kolor-cegla-150g-m2","32":"pa_kolor-ciemna-zielen-150g-m2","33":"pa_kolor-ciemny-niebieski-170g-m2","34":"pa_kolor-cynamon-150g-m2","35":"pa_kolor-czern-150g-m2","36":"pa_kolor-eukaliptus-150g-m2","37":"pa_kolor-khaki-150g-m2","38":"pa_kolor-melon-150g-m2","39":"pa_kolor-wrszos-150g-m2","40":"pa_kolor-stalowo-szary-170g-m2","41":"pa_kolor-wisnia-150g-m2","43":"entry","44":"has-media","46":"first","47":"instock","48":"taxable","49":"shipping-taxable","50":"purchasable","51":"product-type-variable","52":"wvs-archive-product-wrapper","53":"has-rating","54":"has-product-nav","55":"col","56":"span_1_of_4","57":"owp-content-center","58":"owp-thumbs-layout-horizontal","59":"owp-btn-big","60":"owp-tabs-layout-horizontal"},"yoast_head":"<!-- This site is optimized with the Yoast SEO plugin v27.0 - https:\/\/yoast.com\/product\/yoast-seo-wordpress\/ -->\n<title>Lniana sp\u00f3dnica z guzikami - www.talja.pl<\/title>\n<meta name=\"description\" content=\"Lniana sp\u00f3dnica z guzikami to kwintesencja wygody w klasycznym wydaniu. Sp\u00f3dnica ma wszyt\u0105 w tylnej cz\u0119\u015bci wygodn\u0105 gum\u0119.\" \/>\n<meta name=\"robots\" content=\"index, follow, max-snippet:-1, max-image-preview:large, max-video-preview:-1\" \/>\n<link rel=\"canonical\" href=\"https:\/\/talja.pl\/index.php\/produkt\/lniana-spodnica-z-guzikami-kolory\/\" \/>\n<meta property=\"og:locale\" content=\"pl_PL\" \/>\n<meta property=\"og:type\" content=\"article\" \/>\n<meta property=\"og:title\" content=\"Lniana sp\u00f3dnica z guzikami - www.talja.pl\" \/>\n<meta property=\"og:description\" content=\"Lniana sp\u00f3dnica z guzikami to kwintesencja wygody w klasycznym wydaniu. Sp\u00f3dnica ma wszyt\u0105 w tylnej cz\u0119\u015bci wygodn\u0105 gum\u0119.\" \/>\n<meta property=\"og:url\" content=\"https:\/\/talja.pl\/index.php\/produkt\/lniana-spodnica-z-guzikami-kolory\/\" \/>\n<meta property=\"og:site_name\" content=\"www.talja.pl\" \/>\n<meta property=\"article:publisher\" content=\"https:\/\/www.facebook.com\/Talja-418285408906660\/\" \/>\n<meta property=\"article:modified_time\" content=\"2026-03-05T16:11:20+00:00\" \/>\n<meta property=\"og:image\" content=\"https:\/\/talja.pl\/wp-content\/uploads\/2023\/04\/IMG_9817-1-e1681394169184.jpg\" \/>\n\t<meta property=\"og:image:width\" content=\"1285\" \/>\n\t<meta property=\"og:image:height\" content=\"1904\" \/>\n\t<meta property=\"og:image:type\" content=\"image\/jpeg\" \/>\n<meta name=\"twitter:card\" content=\"summary_large_image\" \/>\n<meta name=\"twitter:site\" content=\"@talja_pracownia\" \/>\n<meta name=\"twitter:label1\" content=\"Szacowany czas czytania\" \/>\n\t<meta name=\"twitter:data1\" content=\"3 minuty\" \/>\n<script type=\"application\/ld+json\" class=\"yoast-schema-graph\">{\"@context\":\"https:\/\/schema.org\",\"@graph\":[{\"@type\":\"WebPage\",\"@id\":\"https:\/\/talja.pl\/index.php\/produkt\/lniana-spodnica-z-guzikami-kolory\/\",\"url\":\"https:\/\/talja.pl\/index.php\/produkt\/lniana-spodnica-z-guzikami-kolory\/\",\"name\":\"Lniana sp\u00f3dnica z guzikami - www.talja.pl\",\"isPartOf\":{\"@id\":\"https:\/\/talja.pl\/#website\"},\"primaryImageOfPage\":{\"@id\":\"https:\/\/talja.pl\/index.php\/produkt\/lniana-spodnica-z-guzikami-kolory\/#primaryimage\"},\"image\":{\"@id\":\"https:\/\/talja.pl\/index.php\/produkt\/lniana-spodnica-z-guzikami-kolory\/#primaryimage\"},\"thumbnailUrl\":\"https:\/\/talja.pl\/wp-content\/uploads\/2023\/04\/IMG_9817-1-e1681394169184.jpg\",\"datePublished\":\"2024-09-07T08:51:06+00:00\",\"dateModified\":\"2026-03-05T16:11:20+00:00\",\"description\":\"Lniana sp\u00f3dnica z guzikami to kwintesencja wygody w klasycznym wydaniu. Sp\u00f3dnica ma wszyt\u0105 w tylnej cz\u0119\u015bci wygodn\u0105 gum\u0119.\",\"breadcrumb\":{\"@id\":\"https:\/\/talja.pl\/index.php\/produkt\/lniana-spodnica-z-guzikami-kolory\/#breadcrumb\"},\"inLanguage\":\"pl-PL\",\"potentialAction\":[{\"@type\":\"ReadAction\",\"target\":[\"https:\/\/talja.pl\/index.php\/produkt\/lniana-spodnica-z-guzikami-kolory\/\"]}]},{\"@type\":\"ImageObject\",\"inLanguage\":\"pl-PL\",\"@id\":\"https:\/\/talja.pl\/index.php\/produkt\/lniana-spodnica-z-guzikami-kolory\/#primaryimage\",\"url\":\"https:\/\/talja.pl\/wp-content\/uploads\/2023\/04\/IMG_9817-1-e1681394169184.jpg\",\"contentUrl\":\"https:\/\/talja.pl\/wp-content\/uploads\/2023\/04\/IMG_9817-1-e1681394169184.jpg\",\"width\":1285,\"height\":1904,\"caption\":\"lniana sp\u00f3dnica z guzikami talja\"},{\"@type\":\"BreadcrumbList\",\"@id\":\"https:\/\/talja.pl\/index.php\/produkt\/lniana-spodnica-z-guzikami-kolory\/#breadcrumb\",\"itemListElement\":[{\"@type\":\"ListItem\",\"position\":1,\"name\":\"Strona g\u0142\u00f3wna\",\"item\":\"https:\/\/talja.pl\/\"},{\"@type\":\"ListItem\",\"position\":2,\"name\":\"talja.pl\",\"item\":\"https:\/\/talja.pl\/index.php\/sklep\/\"},{\"@type\":\"ListItem\",\"position\":3,\"name\":\"Lniana sp\u00f3dnica z guzikami\"}]},{\"@type\":\"WebSite\",\"@id\":\"https:\/\/talja.pl\/#website\",\"url\":\"https:\/\/talja.pl\/\",\"name\":\"www.talja.pl\",\"description\":\"\",\"publisher\":{\"@id\":\"https:\/\/talja.pl\/#organization\"},\"potentialAction\":[{\"@type\":\"SearchAction\",\"target\":{\"@type\":\"EntryPoint\",\"urlTemplate\":\"https:\/\/talja.pl\/?s={search_term_string}\"},\"query-input\":{\"@type\":\"PropertyValueSpecification\",\"valueRequired\":true,\"valueName\":\"search_term_string\"}}],\"inLanguage\":\"pl-PL\"},{\"@type\":\"Organization\",\"@id\":\"https:\/\/talja.pl\/#organization\",\"name\":\"Talja\",\"url\":\"https:\/\/talja.pl\/\",\"logo\":{\"@type\":\"ImageObject\",\"inLanguage\":\"pl-PL\",\"@id\":\"https:\/\/talja.pl\/#\/schema\/logo\/image\/\",\"url\":\"https:\/\/talja.pl\/wp-content\/uploads\/2019\/06\/baner-talja-2.jpg\",\"contentUrl\":\"https:\/\/talja.pl\/wp-content\/uploads\/2019\/06\/baner-talja-2.jpg\",\"width\":1300,\"height\":300,\"caption\":\"Talja\"},\"image\":{\"@id\":\"https:\/\/talja.pl\/#\/schema\/logo\/image\/\"},\"sameAs\":[\"https:\/\/www.facebook.com\/Talja-418285408906660\/\",\"https:\/\/x.com\/talja_pracownia\",\"https:\/\/www.instagram.com\/talja_pracownia\/\"]}]}<\/script>\n<!-- \/ Yoast SEO plugin. -->","yoast_head_json":{"title":"Lniana sp\u00f3dnica z guzikami - www.talja.pl","description":"Lniana sp\u00f3dnica z guzikami to kwintesencja wygody w klasycznym wydaniu. Sp\u00f3dnica ma wszyt\u0105 w tylnej cz\u0119\u015bci wygodn\u0105 gum\u0119.","robots":{"index":"index","follow":"follow","max-snippet":"max-snippet:-1","max-image-preview":"max-image-preview:large","max-video-preview":"max-video-preview:-1"},"canonical":"https:\/\/talja.pl\/index.php\/produkt\/lniana-spodnica-z-guzikami-kolory\/","og_locale":"pl_PL","og_type":"article","og_title":"Lniana sp\u00f3dnica z guzikami - www.talja.pl","og_description":"Lniana sp\u00f3dnica z guzikami to kwintesencja wygody w klasycznym wydaniu. Sp\u00f3dnica ma wszyt\u0105 w tylnej cz\u0119\u015bci wygodn\u0105 gum\u0119.","og_url":"https:\/\/talja.pl\/index.php\/produkt\/lniana-spodnica-z-guzikami-kolory\/","og_site_name":"www.talja.pl","article_publisher":"https:\/\/www.facebook.com\/Talja-418285408906660\/","article_modified_time":"2026-03-05T16:11:20+00:00","og_image":[{"width":1285,"height":1904,"url":"https:\/\/talja.pl\/wp-content\/uploads\/2023\/04\/IMG_9817-1-e1681394169184.jpg","type":"image\/jpeg"}],"twitter_card":"summary_large_image","twitter_site":"@talja_pracownia","twitter_misc":{"Szacowany czas czytania":"3 minuty"},"schema":{"@context":"https:\/\/schema.org","@graph":[{"@type":"WebPage","@id":"https:\/\/talja.pl\/index.php\/produkt\/lniana-spodnica-z-guzikami-kolory\/","url":"https:\/\/talja.pl\/index.php\/produkt\/lniana-spodnica-z-guzikami-kolory\/","name":"Lniana sp\u00f3dnica z guzikami - www.talja.pl","isPartOf":{"@id":"https:\/\/talja.pl\/#website"},"primaryImageOfPage":{"@id":"https:\/\/talja.pl\/index.php\/produkt\/lniana-spodnica-z-guzikami-kolory\/#primaryimage"},"image":{"@id":"https:\/\/talja.pl\/index.php\/produkt\/lniana-spodnica-z-guzikami-kolory\/#primaryimage"},"thumbnailUrl":"https:\/\/talja.pl\/wp-content\/uploads\/2023\/04\/IMG_9817-1-e1681394169184.jpg","datePublished":"2024-09-07T08:51:06+00:00","dateModified":"2026-03-05T16:11:20+00:00","description":"Lniana sp\u00f3dnica z guzikami to kwintesencja wygody w klasycznym wydaniu. Sp\u00f3dnica ma wszyt\u0105 w tylnej cz\u0119\u015bci wygodn\u0105 gum\u0119.","breadcrumb":{"@id":"https:\/\/talja.pl\/index.php\/produkt\/lniana-spodnica-z-guzikami-kolory\/#breadcrumb"},"inLanguage":"pl-PL","potentialAction":[{"@type":"ReadAction","target":["https:\/\/talja.pl\/index.php\/produkt\/lniana-spodnica-z-guzikami-kolory\/"]}]},{"@type":"ImageObject","inLanguage":"pl-PL","@id":"https:\/\/talja.pl\/index.php\/produkt\/lniana-spodnica-z-guzikami-kolory\/#primaryimage","url":"https:\/\/talja.pl\/wp-content\/uploads\/2023\/04\/IMG_9817-1-e1681394169184.jpg","contentUrl":"https:\/\/talja.pl\/wp-content\/uploads\/2023\/04\/IMG_9817-1-e1681394169184.jpg","width":1285,"height":1904,"caption":"lniana sp\u00f3dnica z guzikami talja"},{"@type":"BreadcrumbList","@id":"https:\/\/talja.pl\/index.php\/produkt\/lniana-spodnica-z-guzikami-kolory\/#breadcrumb","itemListElement":[{"@type":"ListItem","position":1,"name":"Strona g\u0142\u00f3wna","item":"https:\/\/talja.pl\/"},{"@type":"ListItem","position":2,"name":"talja.pl","item":"https:\/\/talja.pl\/index.php\/sklep\/"},{"@type":"ListItem","position":3,"name":"Lniana sp\u00f3dnica z guzikami"}]},{"@type":"WebSite","@id":"https:\/\/talja.pl\/#website","url":"https:\/\/talja.pl\/","name":"www.talja.pl","description":"","publisher":{"@id":"https:\/\/talja.pl\/#organization"},"potentialAction":[{"@type":"SearchAction","target":{"@type":"EntryPoint","urlTemplate":"https:\/\/talja.pl\/?s={search_term_string}"},"query-input":{"@type":"PropertyValueSpecification","valueRequired":true,"valueName":"search_term_string"}}],"inLanguage":"pl-PL"},{"@type":"Organization","@id":"https:\/\/talja.pl\/#organization","name":"Talja","url":"https:\/\/talja.pl\/","logo":{"@type":"ImageObject","inLanguage":"pl-PL","@id":"https:\/\/talja.pl\/#\/schema\/logo\/image\/","url":"https:\/\/talja.pl\/wp-content\/uploads\/2019\/06\/baner-talja-2.jpg","contentUrl":"https:\/\/talja.pl\/wp-content\/uploads\/2019\/06\/baner-talja-2.jpg","width":1300,"height":300,"caption":"Talja"},"image":{"@id":"https:\/\/talja.pl\/#\/schema\/logo\/image\/"},"sameAs":["https:\/\/www.facebook.com\/Talja-418285408906660\/","https:\/\/x.com\/talja_pracownia","https:\/\/www.instagram.com\/talja_pracownia\/"]}]}},"_links":{"self":[{"href":"https:\/\/talja.pl\/index.php\/wp-json\/wp\/v2\/product\/7644","targetHints":{"allow":["GET"]}}],"collection":[{"href":"https:\/\/talja.pl\/index.php\/wp-json\/wp\/v2\/product"}],"about":[{"href":"https:\/\/talja.pl\/index.php\/wp-json\/wp\/v2\/types\/product"}],"replies":[{"embeddable":true,"href":"https:\/\/talja.pl\/index.php\/wp-json\/wp\/v2\/comments?post=7644"}],"version-history":[{"count":8,"href":"https:\/\/talja.pl\/index.php\/wp-json\/wp\/v2\/product\/7644\/revisions"}],"predecessor-version":[{"id":7735,"href":"https:\/\/talja.pl\/index.php\/wp-json\/wp\/v2\/product\/7644\/revisions\/7735"}],"wp:featuredmedia":[{"embeddable":true,"href":"https:\/\/talja.pl\/index.php\/wp-json\/wp\/v2\/media\/7646"}],"wp:attachment":[{"href":"https:\/\/talja.pl\/index.php\/wp-json\/wp\/v2\/media?parent=7644"}],"wp:term":[{"taxonomy":"product_brand","embeddable":true,"href":"https:\/\/talja.pl\/index.php\/wp-json\/wp\/v2\/product_brand?post=7644"},{"taxonomy":"product_cat","embeddable":true,"href":"https:\/\/talja.pl\/index.php\/wp-json\/wp\/v2\/product_cat?post=7644"},{"taxonomy":"product_tag","embeddable":true,"href":"https:\/\/talja.pl\/index.php\/wp-json\/wp\/v2\/product_tag?post=7644"}],"curies":[{"name":"wp","href":"https:\/\/api.w.org\/{rel}","templated":true}]}}