{"id":8362,"date":"2024-05-09T17:59:00","date_gmt":"2024-05-09T15:59:00","guid":{"rendered":"https:\/\/talja.pl\/?post_type=product&#038;p=8362"},"modified":"2026-02-02T16:14:25","modified_gmt":"2026-02-02T15:14:25","slug":"torba-lniana-ponad25-kolorow","status":"publish","type":"product","link":"https:\/\/talja.pl\/index.php\/produkt\/torba-lniana-ponad25-kolorow\/","title":{"rendered":"Torba lniana"},"content":{"rendered":"<h4>Torba lniana<\/h4>\n<p>Chyba ka\u017cda z nas wybieraj\u0105c si\u0119 na zakupy, do warzywniaka, dyskontu czy te\u017c na pla\u017c\u0119 zabiera materia\u0142ow\u0105 torb\u0119, kt\u00f3ra pomie\u015bci ca\u0142\u0105 list\u0119 niezb\u0119dnych rzeczy, a kt\u00f3re to zdecydowanie nie pomieszcz\u0105 si\u0119 w ma\u0142ej, damskiej torebce.<\/p>\n<p>Nasza torba lniana, to dodatek, kt\u00f3ry jest nie tylko funkcjonalny, ale i zdobny sam w sobie. Jest lekka, lecz wytrzyma\u0142a. Po z\u0142o\u017ceniu zajmuje niewiele miejsca. Z \u0142atwo\u015bci\u0105 schowasz j\u0105 wi\u0119c do damskiej torebki, zabierzesz na pla\u017c\u0119 lub zapakujesz do baga\u017cu podr\u0119cznego lec\u0105c na wakacje. W ka\u017cdej chwili j\u0105 wyci\u0105gniesz i zamiast niezb\u0119dnej ( niekoniecznie wyj\u015bciowej) reklam\u00f3wki masz szlachetn\u0105, pi\u0119kn\u0105 torb\u0119 do zada\u0144 specjalnych.<\/p>\n<p>Na zdj\u0119ciach przedstawiono torby w kolorach : naturalny, karmel, pudrowy r\u00f3\u017c, wrzos, czer\u0144 oraz wz\u00f3r &#8220;kwiaty w czerni&#8221;.<\/p>\n<h4>Za co j\u0105 pokochasz:<\/h4>\n<ul>\n<li>klasyczny, pojemny kr\u00f3j z urocz\u0105 falbank\u0105; opr\u00f3cz walor\u00f3w funkcjonalnych wspaniale dope\u0142ni Twoj\u0105 stylizacj\u0119<\/li>\n<li>dwie kieszonki wewn\u0105trz na rzeczy, kt\u00f3re pragniesz zawsze mie\u0107 pod r\u0119k\u0105: klucze\/chusteczki\/telefon\/ma\u0142y notatnik<\/li>\n<li>jest lekka\u00a0 i po z\u0142o\u017ceniu zajmuje niewiele miejsca &#8211; z \u0142atwo\u015bci\u0105 skryjesz j\u0105 w torebce czy baga\u017cu podr\u0119cznym, gdy lecisz na wakacje<\/li>\n<li>uszyjemy j\u0105 dla Ciebie w naszej szczeci\u0144skiej pracowni w ponad 20 kolorach certyfikowanych ln\u00f3w ( i jednym limitowanym wzorze &#8220;kwiaty w czerni&#8221;- r\u00f3wnie\u017c len 100%)! Czy wiedzia\u0142a\u015b, \u017ce mo\u017cesz zam\u00f3wi\u0107 u nas sukienk\u0119, a do niej dobra\u0107 w tym samym kolorze torb\u0119? \ud83d\ude42<\/li>\n<li>zachwyci Ci\u0119 jak torba pod wp\u0142ywem u\u017cytkowania\/ zginania i sk\u0142adania &#8211; b\u0119dzie si\u0119 pi\u0119knie gniot\u0142a ( zas\u0142uga lnu! )<\/li>\n<li>nasza torba to szlachetna, bardziej wyj\u015bciowa wersja reklam\u00f3wki na zakupy, kt\u00f3r\u0105 wsz\u0119dzie ze sob\u0105 zabierzesz i b\u0119dziesz nosi\u0107 z dum\u0105<\/li>\n<\/ul>\n<h4><strong>Sk\u0142ad i szycie\u00a0<\/strong><\/h4>\n<p>len 100%, produkcji polskiej. Do wyboru w ponad 20 kolorach ! Projekt i szycie w kameralnej szczeci\u0144skiej pracowni TALJA.<\/p>\n<h4><strong>Wymiary <\/strong>:<\/h4>\n<p>szeroko\u015b\u0107 40 cm, d\u0142ugo\u015b\u0107 44cm<\/p>\n<p><img fetchpriority=\"high\" decoding=\"async\" class=\"alignleft wp-image-8379 size-medium\" src=\"https:\/\/talja.pl\/wp-content\/uploads\/2023\/08\/talja-lniana-sukienka-lniana-torba_MG_0200-200x300.jpg\" alt=\"torba lniana talja \" width=\"200\" height=\"300\" srcset=\"https:\/\/talja.pl\/wp-content\/uploads\/2023\/08\/talja-lniana-sukienka-lniana-torba_MG_0200-200x300.jpg 200w, https:\/\/talja.pl\/wp-content\/uploads\/2023\/08\/talja-lniana-sukienka-lniana-torba_MG_0200-683x1024.jpg 683w, https:\/\/talja.pl\/wp-content\/uploads\/2023\/08\/talja-lniana-sukienka-lniana-torba_MG_0200-768x1152.jpg 768w, https:\/\/talja.pl\/wp-content\/uploads\/2023\/08\/talja-lniana-sukienka-lniana-torba_MG_0200-1024x1536.jpg 1024w, https:\/\/talja.pl\/wp-content\/uploads\/2023\/08\/talja-lniana-sukienka-lniana-torba_MG_0200-999x1499.jpg 999w, https:\/\/talja.pl\/wp-content\/uploads\/2023\/08\/talja-lniana-sukienka-lniana-torba_MG_0200.jpg 1080w\" sizes=\"(max-width: 200px) 100vw, 200px\" \/><\/p>\n<p>&nbsp;<\/p>\n<p><img decoding=\"async\" class=\"alignnone wp-image-5333 size-medium\" src=\"https:\/\/talja.pl\/wp-content\/uploads\/2022\/04\/Certyfikat-Oeko-Tex-standard-100-300x119.png\" alt=\"\" width=\"300\" height=\"119\" \/>Wszystkie nasze lny s\u0105 produkcji polskiej oraz spe\u0142niaj\u0105 wymogi\u00a0 norm\u00a0<strong>OEKO TEX \u2013 Standard 100<\/strong>, co oznacza, \u017ce zosta\u0142y przebadane i nie zawieraj\u0105 \u015brodk\u00f3w szkodliwych zar\u00f3wno dla cz\u0142owieka jak i \u015brodowiska. Dodatkowo s\u0105 cudownie zmi\u0119kczane, a ten fakt z pewno\u015bci\u0105 doceni Twoja sk\u00f3ra.<\/p>\n<p>Inne nasze lniane akcesoria znajdziesz<a href=\"https:\/\/talja.pl\/index.php\/kategoria-produktu\/accessories\/\"> tutaj.<\/a><\/p>\n","protected":false},"excerpt":{"rendered":"<div class=\"woocommerce-product-details__short-description\">\n<h4><strong>Sk\u0142ad : Len 100% , polskiej produkcji<\/strong><\/h4>\n<p><strong>Torba lniana dost\u0119pna w r\u00f3\u017cnych wersjach kolorystycznych. <\/strong>Wybierz ten, o kt\u00f3rym marzysz.<\/p>\n<p><em>Wysy\u0142ka w : 2-14 dni roboczych ( czas wysy\u0142ki uzale\u017cniony jest od tego, czy torb\u0119 w danym kolorze mamy na stanie. Je\u015bli tak &#8211; wysy\u0142amy do 2 dni roboczych, je\u015bli nie &#8211; potrzebujemy chwili na jej uszycie specjalnie dla Ciebie) <\/em><\/p>\n<\/div>\n","protected":false},"featured_media":8373,"comment_status":"open","ping_status":"closed","template":"","meta":[],"product_brand":[],"product_cat":[16,45],"product_tag":[44,25,111,112],"class_list":{"0":"post-8362","1":"product","2":"type-product","3":"status-publish","4":"has-post-thumbnail","6":"product_cat-accessories","7":"product_cat-produkty-na-zamowienie","8":"product_tag-akcesoria","9":"product_tag-len","10":"product_tag-torba","11":"product_tag-torba-lniana","12":"pa_kolor-koktajl-truskawkowy-150g-m2","13":"pa_kolor-malina","14":"pa_kolor-liliowy-170g-m2","15":"pa_kolor-pochmurne-niebo-170g-m2","16":"pa_kolor-zielen-trawiasta-170g-m2","17":"pa_kolor-czerwone-wino-150g-m2","18":"pa_kolor-sliwka-170g-m2","19":"pa_kolor-mleczna-czekolada-170g-m2","20":"pa_kolor-letnie-niebo-150g-m2","21":"pa_kolor-biel-170g-m2","22":"pa_kolor-paski-150g-m2-len-100","23":"pa_kolor-naturalny-150g-m2","24":"pa_kolor-fuksja","25":"pa_kolor-morelowy","26":"pa_kolor-chabrowy-150g-m2","27":"pa_kolor-karmel-170-g-m2","28":"pa_kolor-baby-blue-150g-m2","29":"pa_kolor-pudrowy-roz-150g-m2","30":"pa_kolor-arbuz-150g-m2","31":"pa_kolor-pudrowy-szary-170g-m2","32":"pa_kolor-cegla-150g-m2","33":"pa_kolor-ciemna-zielen-150g-m2","34":"pa_kolor-ciemny-niebieski-170g-m2","35":"pa_kolor-cynamon-150g-m2","36":"pa_kolor-czern-150g-m2","37":"pa_kolor-eukaliptus-150g-m2","38":"pa_kolor-khaki-150g-m2","39":"pa_kolor-melon-150g-m2","40":"pa_kolor-wrszos-150g-m2","41":"pa_kolor-stalowo-szary-170g-m2","42":"pa_kolor-wisnia-150g-m2","44":"entry","45":"has-media","47":"first","48":"instock","49":"taxable","50":"shipping-taxable","51":"purchasable","52":"product-type-variable","53":"wvs-archive-product-wrapper","54":"has-rating","55":"has-product-nav","56":"col","57":"span_1_of_4","58":"owp-content-center","59":"owp-thumbs-layout-horizontal","60":"owp-btn-big","61":"owp-tabs-layout-horizontal"},"yoast_head":"<!-- This site is optimized with the Yoast SEO plugin v27.0 - https:\/\/yoast.com\/product\/yoast-seo-wordpress\/ -->\n<title>Torba lniana - www.talja.pl<\/title>\n<meta name=\"description\" content=\"Torba lniana w ponad 20 kolorach ln\u00f3w! Nasza torba lniana, to dodatek, kt\u00f3ry jest nie tylko funkcjonalny, ale i pi\u0119kny. Jest lekka, lecz wytrzyma\u0142a.\" \/>\n<meta name=\"robots\" content=\"index, follow, max-snippet:-1, max-image-preview:large, max-video-preview:-1\" \/>\n<link rel=\"canonical\" href=\"https:\/\/talja.pl\/index.php\/produkt\/torba-lniana-ponad25-kolorow\/\" \/>\n<meta property=\"og:locale\" content=\"pl_PL\" \/>\n<meta property=\"og:type\" content=\"article\" \/>\n<meta property=\"og:title\" content=\"Torba lniana - www.talja.pl\" \/>\n<meta property=\"og:description\" content=\"Torba lniana w ponad 20 kolorach ln\u00f3w! Nasza torba lniana, to dodatek, kt\u00f3ry jest nie tylko funkcjonalny, ale i pi\u0119kny. Jest lekka, lecz wytrzyma\u0142a.\" \/>\n<meta property=\"og:url\" content=\"https:\/\/talja.pl\/index.php\/produkt\/torba-lniana-ponad25-kolorow\/\" \/>\n<meta property=\"og:site_name\" content=\"www.talja.pl\" \/>\n<meta property=\"article:publisher\" content=\"https:\/\/www.facebook.com\/Talja-418285408906660\/\" \/>\n<meta property=\"article:modified_time\" content=\"2026-02-02T15:14:25+00:00\" \/>\n<meta property=\"og:image\" content=\"https:\/\/talja.pl\/wp-content\/uploads\/2023\/08\/talja-lniana-sukienka-lniana-torba_MG_0167-e1691741548723.jpg\" \/>\n\t<meta property=\"og:image:width\" content=\"903\" \/>\n\t<meta property=\"og:image:height\" content=\"1343\" \/>\n\t<meta property=\"og:image:type\" content=\"image\/jpeg\" \/>\n<meta name=\"twitter:card\" content=\"summary_large_image\" \/>\n<meta name=\"twitter:site\" content=\"@talja_pracownia\" \/>\n<meta name=\"twitter:label1\" content=\"Szacowany czas czytania\" \/>\n\t<meta name=\"twitter:data1\" content=\"3 minuty\" \/>\n<script type=\"application\/ld+json\" class=\"yoast-schema-graph\">{\"@context\":\"https:\/\/schema.org\",\"@graph\":[{\"@type\":\"WebPage\",\"@id\":\"https:\/\/talja.pl\/index.php\/produkt\/torba-lniana-ponad25-kolorow\/\",\"url\":\"https:\/\/talja.pl\/index.php\/produkt\/torba-lniana-ponad25-kolorow\/\",\"name\":\"Torba lniana - www.talja.pl\",\"isPartOf\":{\"@id\":\"https:\/\/talja.pl\/#website\"},\"primaryImageOfPage\":{\"@id\":\"https:\/\/talja.pl\/index.php\/produkt\/torba-lniana-ponad25-kolorow\/#primaryimage\"},\"image\":{\"@id\":\"https:\/\/talja.pl\/index.php\/produkt\/torba-lniana-ponad25-kolorow\/#primaryimage\"},\"thumbnailUrl\":\"https:\/\/talja.pl\/wp-content\/uploads\/2023\/08\/talja-lniana-sukienka-lniana-torba_MG_0167-e1691741548723.jpg\",\"datePublished\":\"2024-05-09T15:59:00+00:00\",\"dateModified\":\"2026-02-02T15:14:25+00:00\",\"description\":\"Torba lniana w ponad 20 kolorach ln\u00f3w! Nasza torba lniana, to dodatek, kt\u00f3ry jest nie tylko funkcjonalny, ale i pi\u0119kny. Jest lekka, lecz wytrzyma\u0142a.\",\"breadcrumb\":{\"@id\":\"https:\/\/talja.pl\/index.php\/produkt\/torba-lniana-ponad25-kolorow\/#breadcrumb\"},\"inLanguage\":\"pl-PL\",\"potentialAction\":[{\"@type\":\"ReadAction\",\"target\":[\"https:\/\/talja.pl\/index.php\/produkt\/torba-lniana-ponad25-kolorow\/\"]}]},{\"@type\":\"ImageObject\",\"inLanguage\":\"pl-PL\",\"@id\":\"https:\/\/talja.pl\/index.php\/produkt\/torba-lniana-ponad25-kolorow\/#primaryimage\",\"url\":\"https:\/\/talja.pl\/wp-content\/uploads\/2023\/08\/talja-lniana-sukienka-lniana-torba_MG_0167-e1691741548723.jpg\",\"contentUrl\":\"https:\/\/talja.pl\/wp-content\/uploads\/2023\/08\/talja-lniana-sukienka-lniana-torba_MG_0167-e1691741548723.jpg\",\"width\":903,\"height\":1343,\"caption\":\"torba lniana talja\"},{\"@type\":\"BreadcrumbList\",\"@id\":\"https:\/\/talja.pl\/index.php\/produkt\/torba-lniana-ponad25-kolorow\/#breadcrumb\",\"itemListElement\":[{\"@type\":\"ListItem\",\"position\":1,\"name\":\"Strona g\u0142\u00f3wna\",\"item\":\"https:\/\/talja.pl\/\"},{\"@type\":\"ListItem\",\"position\":2,\"name\":\"talja.pl\",\"item\":\"https:\/\/talja.pl\/index.php\/sklep\/\"},{\"@type\":\"ListItem\",\"position\":3,\"name\":\"Torba lniana\"}]},{\"@type\":\"WebSite\",\"@id\":\"https:\/\/talja.pl\/#website\",\"url\":\"https:\/\/talja.pl\/\",\"name\":\"www.talja.pl\",\"description\":\"\",\"publisher\":{\"@id\":\"https:\/\/talja.pl\/#organization\"},\"potentialAction\":[{\"@type\":\"SearchAction\",\"target\":{\"@type\":\"EntryPoint\",\"urlTemplate\":\"https:\/\/talja.pl\/?s={search_term_string}\"},\"query-input\":{\"@type\":\"PropertyValueSpecification\",\"valueRequired\":true,\"valueName\":\"search_term_string\"}}],\"inLanguage\":\"pl-PL\"},{\"@type\":\"Organization\",\"@id\":\"https:\/\/talja.pl\/#organization\",\"name\":\"Talja\",\"url\":\"https:\/\/talja.pl\/\",\"logo\":{\"@type\":\"ImageObject\",\"inLanguage\":\"pl-PL\",\"@id\":\"https:\/\/talja.pl\/#\/schema\/logo\/image\/\",\"url\":\"https:\/\/talja.pl\/wp-content\/uploads\/2019\/06\/baner-talja-2.jpg\",\"contentUrl\":\"https:\/\/talja.pl\/wp-content\/uploads\/2019\/06\/baner-talja-2.jpg\",\"width\":1300,\"height\":300,\"caption\":\"Talja\"},\"image\":{\"@id\":\"https:\/\/talja.pl\/#\/schema\/logo\/image\/\"},\"sameAs\":[\"https:\/\/www.facebook.com\/Talja-418285408906660\/\",\"https:\/\/x.com\/talja_pracownia\",\"https:\/\/www.instagram.com\/talja_pracownia\/\"]}]}<\/script>\n<!-- \/ Yoast SEO plugin. -->","yoast_head_json":{"title":"Torba lniana - www.talja.pl","description":"Torba lniana w ponad 20 kolorach ln\u00f3w! Nasza torba lniana, to dodatek, kt\u00f3ry jest nie tylko funkcjonalny, ale i pi\u0119kny. Jest lekka, lecz wytrzyma\u0142a.","robots":{"index":"index","follow":"follow","max-snippet":"max-snippet:-1","max-image-preview":"max-image-preview:large","max-video-preview":"max-video-preview:-1"},"canonical":"https:\/\/talja.pl\/index.php\/produkt\/torba-lniana-ponad25-kolorow\/","og_locale":"pl_PL","og_type":"article","og_title":"Torba lniana - www.talja.pl","og_description":"Torba lniana w ponad 20 kolorach ln\u00f3w! Nasza torba lniana, to dodatek, kt\u00f3ry jest nie tylko funkcjonalny, ale i pi\u0119kny. Jest lekka, lecz wytrzyma\u0142a.","og_url":"https:\/\/talja.pl\/index.php\/produkt\/torba-lniana-ponad25-kolorow\/","og_site_name":"www.talja.pl","article_publisher":"https:\/\/www.facebook.com\/Talja-418285408906660\/","article_modified_time":"2026-02-02T15:14:25+00:00","og_image":[{"width":903,"height":1343,"url":"https:\/\/talja.pl\/wp-content\/uploads\/2023\/08\/talja-lniana-sukienka-lniana-torba_MG_0167-e1691741548723.jpg","type":"image\/jpeg"}],"twitter_card":"summary_large_image","twitter_site":"@talja_pracownia","twitter_misc":{"Szacowany czas czytania":"3 minuty"},"schema":{"@context":"https:\/\/schema.org","@graph":[{"@type":"WebPage","@id":"https:\/\/talja.pl\/index.php\/produkt\/torba-lniana-ponad25-kolorow\/","url":"https:\/\/talja.pl\/index.php\/produkt\/torba-lniana-ponad25-kolorow\/","name":"Torba lniana - www.talja.pl","isPartOf":{"@id":"https:\/\/talja.pl\/#website"},"primaryImageOfPage":{"@id":"https:\/\/talja.pl\/index.php\/produkt\/torba-lniana-ponad25-kolorow\/#primaryimage"},"image":{"@id":"https:\/\/talja.pl\/index.php\/produkt\/torba-lniana-ponad25-kolorow\/#primaryimage"},"thumbnailUrl":"https:\/\/talja.pl\/wp-content\/uploads\/2023\/08\/talja-lniana-sukienka-lniana-torba_MG_0167-e1691741548723.jpg","datePublished":"2024-05-09T15:59:00+00:00","dateModified":"2026-02-02T15:14:25+00:00","description":"Torba lniana w ponad 20 kolorach ln\u00f3w! Nasza torba lniana, to dodatek, kt\u00f3ry jest nie tylko funkcjonalny, ale i pi\u0119kny. Jest lekka, lecz wytrzyma\u0142a.","breadcrumb":{"@id":"https:\/\/talja.pl\/index.php\/produkt\/torba-lniana-ponad25-kolorow\/#breadcrumb"},"inLanguage":"pl-PL","potentialAction":[{"@type":"ReadAction","target":["https:\/\/talja.pl\/index.php\/produkt\/torba-lniana-ponad25-kolorow\/"]}]},{"@type":"ImageObject","inLanguage":"pl-PL","@id":"https:\/\/talja.pl\/index.php\/produkt\/torba-lniana-ponad25-kolorow\/#primaryimage","url":"https:\/\/talja.pl\/wp-content\/uploads\/2023\/08\/talja-lniana-sukienka-lniana-torba_MG_0167-e1691741548723.jpg","contentUrl":"https:\/\/talja.pl\/wp-content\/uploads\/2023\/08\/talja-lniana-sukienka-lniana-torba_MG_0167-e1691741548723.jpg","width":903,"height":1343,"caption":"torba lniana talja"},{"@type":"BreadcrumbList","@id":"https:\/\/talja.pl\/index.php\/produkt\/torba-lniana-ponad25-kolorow\/#breadcrumb","itemListElement":[{"@type":"ListItem","position":1,"name":"Strona g\u0142\u00f3wna","item":"https:\/\/talja.pl\/"},{"@type":"ListItem","position":2,"name":"talja.pl","item":"https:\/\/talja.pl\/index.php\/sklep\/"},{"@type":"ListItem","position":3,"name":"Torba lniana"}]},{"@type":"WebSite","@id":"https:\/\/talja.pl\/#website","url":"https:\/\/talja.pl\/","name":"www.talja.pl","description":"","publisher":{"@id":"https:\/\/talja.pl\/#organization"},"potentialAction":[{"@type":"SearchAction","target":{"@type":"EntryPoint","urlTemplate":"https:\/\/talja.pl\/?s={search_term_string}"},"query-input":{"@type":"PropertyValueSpecification","valueRequired":true,"valueName":"search_term_string"}}],"inLanguage":"pl-PL"},{"@type":"Organization","@id":"https:\/\/talja.pl\/#organization","name":"Talja","url":"https:\/\/talja.pl\/","logo":{"@type":"ImageObject","inLanguage":"pl-PL","@id":"https:\/\/talja.pl\/#\/schema\/logo\/image\/","url":"https:\/\/talja.pl\/wp-content\/uploads\/2019\/06\/baner-talja-2.jpg","contentUrl":"https:\/\/talja.pl\/wp-content\/uploads\/2019\/06\/baner-talja-2.jpg","width":1300,"height":300,"caption":"Talja"},"image":{"@id":"https:\/\/talja.pl\/#\/schema\/logo\/image\/"},"sameAs":["https:\/\/www.facebook.com\/Talja-418285408906660\/","https:\/\/x.com\/talja_pracownia","https:\/\/www.instagram.com\/talja_pracownia\/"]}]}},"_links":{"self":[{"href":"https:\/\/talja.pl\/index.php\/wp-json\/wp\/v2\/product\/8362","targetHints":{"allow":["GET"]}}],"collection":[{"href":"https:\/\/talja.pl\/index.php\/wp-json\/wp\/v2\/product"}],"about":[{"href":"https:\/\/talja.pl\/index.php\/wp-json\/wp\/v2\/types\/product"}],"replies":[{"embeddable":true,"href":"https:\/\/talja.pl\/index.php\/wp-json\/wp\/v2\/comments?post=8362"}],"version-history":[{"count":16,"href":"https:\/\/talja.pl\/index.php\/wp-json\/wp\/v2\/product\/8362\/revisions"}],"predecessor-version":[{"id":15084,"href":"https:\/\/talja.pl\/index.php\/wp-json\/wp\/v2\/product\/8362\/revisions\/15084"}],"wp:featuredmedia":[{"embeddable":true,"href":"https:\/\/talja.pl\/index.php\/wp-json\/wp\/v2\/media\/8373"}],"wp:attachment":[{"href":"https:\/\/talja.pl\/index.php\/wp-json\/wp\/v2\/media?parent=8362"}],"wp:term":[{"taxonomy":"product_brand","embeddable":true,"href":"https:\/\/talja.pl\/index.php\/wp-json\/wp\/v2\/product_brand?post=8362"},{"taxonomy":"product_cat","embeddable":true,"href":"https:\/\/talja.pl\/index.php\/wp-json\/wp\/v2\/product_cat?post=8362"},{"taxonomy":"product_tag","embeddable":true,"href":"https:\/\/talja.pl\/index.php\/wp-json\/wp\/v2\/product_tag?post=8362"}],"curies":[{"name":"wp","href":"https:\/\/api.w.org\/{rel}","templated":true}]}}